CRAN Package Check Results for Package seas

Last updated on 2024-02-23 07:52:21 CET.

Flavor Version Tinstall Tcheck Ttotal Status Flags
r-devel-linux-x86_64-debian-clang 0.6-0 NOTE
r-devel-linux-x86_64-debian-gcc 0.6-0 7.03 53.74 60.77 NOTE
r-devel-linux-x86_64-fedora-clang 0.6-0 91.31 NOTE
r-devel-linux-x86_64-fedora-gcc 0.6-0 90.39 NOTE
r-devel-windows-x86_64 0.6-0 10.00 87.00 97.00 OK
r-patched-linux-x86_64 0.6-0 9.71 65.02 74.73 OK
r-release-linux-x86_64 0.6-0 7.27 66.26 73.53 OK
r-release-macos-arm64 0.6-0 30.00 OK
r-release-macos-x86_64 0.6-0 47.00 OK
r-release-windows-x86_64 0.6-0 10.00 98.00 108.00 OK
r-oldrel-macos-arm64 0.6-0 30.00 OK
r-oldrel-windows-x86_64 0.6-0 13.00 99.00 112.00 OK

Check Details

Version: 0.6-0
Check: Rd files
Result: NOTE checkRd: (-1) seas.check.Rd:48-49: Lost braces in \itemize; meant \describe ? checkRd: (-1) seas.check.Rd:50: Lost braces in \itemize; meant \describe ? checkRd: (-1) seas.check.Rd:51: Lost braces in \itemize; meant \describe ? checkRd: (-1) seas.check.Rd:52-54: Lost braces in \itemize; meant \describe ? checkRd: (-1) seas.check.Rd:55: Lost braces in \itemize; meant \describe ? checkRd: (-1) seas.check.Rd:56: Lost braces in \itemize; meant \describe ? checkRd: (-1) seas.check.Rd:57: Lost braces in \itemize; meant \describe ? checkRd: (-1) seas.check.Rd:58: Lost braces in \itemize; meant \describe ? Flavors: r-devel-linux-x86_64-debian-clang, r-devel-linux-x86_64-debian-gcc

Version: 0.6-0
Check: data for non-ASCII characters
Result: NOTE Note: found 3 marked UTF-8 strings Flavors: r-devel-linux-x86_64-fedora-clang, r-devel-linux-x86_64-fedora-gcc