Last updated on 2023-01-28 08:00:46 CET.
Flavor | Version | Tinstall | Tcheck | Ttotal | Status | Flags |
---|---|---|---|---|---|---|
r-devel-linux-x86_64-debian-clang | 0.6-0 | 9.66 | 68.62 | 78.28 | OK | |
r-devel-linux-x86_64-debian-gcc | 0.6-0 | 5.34 | 50.94 | 56.28 | OK | |
r-devel-linux-x86_64-fedora-clang | 0.6-0 | 91.53 | NOTE | |||
r-devel-linux-x86_64-fedora-gcc | 0.6-0 | 89.69 | NOTE | |||
r-patched-linux-x86_64 | 0.6-0 | 6.82 | 63.34 | 70.16 | OK | |
r-release-linux-x86_64 | 0.6-0 | 5.51 | 63.47 | 68.98 | OK | |
r-release-macos-arm64 | 0.6-0 | 30.00 | NOTE | |||
r-release-macos-x86_64 | 0.6-0 | 40.00 | NOTE | |||
r-release-windows-x86_64 | 0.6-0 | 34.00 | 113.00 | 147.00 | OK | |
r-oldrel-macos-arm64 | 0.6-0 | 28.00 | NOTE | |||
r-oldrel-macos-x86_64 | 0.6-0 | 40.00 | NOTE | |||
r-oldrel-windows-ix86+x86_64 | 0.6-0 | 16.00 | 140.00 | 156.00 | OK |
Version: 0.6-0
Check: data for non-ASCII characters
Result: NOTE
Note: found 3 marked UTF-8 strings
Flavors: r-devel-linux-x86_64-fedora-clang, r-devel-linux-x86_64-fedora-gcc, r-release-macos-arm64, r-release-macos-x86_64, r-oldrel-macos-arm64, r-oldrel-macos-x86_64