Last updated on 2023-10-03 08:05:03 CEST.
Flavor | Version | Tinstall | Tcheck | Ttotal | Status | Flags |
---|---|---|---|---|---|---|
r-devel-linux-x86_64-debian-clang | 0.3.0 | 269.41 | 170.21 | 439.62 | NOTE | |
r-devel-linux-x86_64-debian-gcc | 0.3.0 | 194.58 | 130.44 | 325.02 | NOTE | |
r-devel-linux-x86_64-fedora-clang | 0.3.0 | 783.72 | NOTE | |||
r-devel-linux-x86_64-fedora-gcc | 0.3.0 | 913.69 | OK | |||
r-devel-windows-x86_64 | 0.3.0 | 192.00 | 198.00 | 390.00 | NOTE | |
r-patched-linux-x86_64 | 0.3.0 | 182.78 | 169.55 | 352.33 | NOTE | |
r-release-linux-x86_64 | 0.3.0 | 214.76 | 166.80 | 381.56 | NOTE | |
r-release-macos-arm64 | 0.3.0 | 175.00 | NOTE | |||
r-release-macos-x86_64 | 0.3.0 | 260.00 | NOTE | |||
r-release-windows-x86_64 | 0.3.0 | 253.00 | 248.00 | 501.00 | NOTE | |
r-oldrel-macos-arm64 | 0.3.0 | 109.00 | NOTE | |||
r-oldrel-macos-x86_64 | 0.3.0 | 184.00 | NOTE | |||
r-oldrel-windows-x86_64 | 0.3.0 | 240.00 | 231.00 | 471.00 | NOTE |
Version: 0.3.0
Check: package dependencies
Result: NOTE
Package suggested but not available for checking: ‘INLA’
Flavors: r-devel-linux-x86_64-debian-clang, r-devel-linux-x86_64-debian-gcc, r-devel-windows-x86_64, r-patched-linux-x86_64, r-release-linux-x86_64, r-release-macos-arm64, r-release-macos-x86_64, r-release-windows-x86_64, r-oldrel-macos-arm64, r-oldrel-macos-x86_64, r-oldrel-windows-x86_64
Version: 0.3.0
Check: Rd cross-references
Result: NOTE
Package unavailable to check Rd xrefs: ‘INLA’
Flavors: r-devel-linux-x86_64-debian-clang, r-devel-linux-x86_64-debian-gcc, r-devel-windows-x86_64, r-patched-linux-x86_64, r-release-linux-x86_64, r-release-macos-arm64, r-release-macos-x86_64, r-release-windows-x86_64, r-oldrel-macos-arm64, r-oldrel-macos-x86_64, r-oldrel-windows-x86_64
Version: 0.3.0
Check: installed package size
Result: NOTE
installed size is 7.4Mb
sub-directories of 1Mb or more:
libs 5.6Mb
Flavors: r-devel-linux-x86_64-fedora-clang, r-devel-windows-x86_64, r-release-macos-arm64, r-release-macos-x86_64, r-release-windows-x86_64, r-oldrel-macos-arm64, r-oldrel-macos-x86_64, r-oldrel-windows-x86_64