Last updated on 2023-01-29 08:57:13 CET.
Flavor | Version | Tinstall | Tcheck | Ttotal | Status | Flags |
---|---|---|---|---|---|---|
r-devel-linux-x86_64-debian-clang | 0.32.4 | 87.28 | 195.23 | 282.51 | OK | |
r-devel-linux-x86_64-debian-gcc | 0.32.4 | 72.07 | 136.94 | 209.01 | OK | |
r-devel-linux-x86_64-fedora-clang | 0.32.4 | 354.52 | NOTE | |||
r-devel-linux-x86_64-fedora-gcc | 0.32.4 | 352.90 | OK | |||
r-devel-windows-x86_64 | 0.32.4 | 250.00 | 243.00 | 493.00 | OK | |
r-patched-linux-x86_64 | 0.32.4 | 77.20 | 167.20 | 244.40 | OK | |
r-release-linux-x86_64 | 0.32.4 | 60.90 | 170.77 | 231.67 | OK | |
r-release-macos-arm64 | 0.32.4 | 79.00 | NOTE | |||
r-release-macos-x86_64 | 0.32.4 | 116.00 | NOTE | |||
r-release-windows-x86_64 | 0.32.4 | 239.00 | 235.00 | 474.00 | OK | |
r-oldrel-macos-arm64 | 0.32.4 | 77.00 | NOTE | |||
r-oldrel-macos-x86_64 | 0.32.4 | 117.00 | NOTE | |||
r-oldrel-windows-ix86+x86_64 | 0.32.4 | 195.00 | 267.00 | 462.00 | NOTE |
Version: 0.32.4
Check: Rd cross-references
Result: NOTE
Undeclared package ‘RegSDC’ in Rd xrefs
Flavor: r-devel-linux-x86_64-fedora-clang
Version: 0.32.4
Check: installed package size
Result: NOTE
installed size is 7.8Mb
sub-directories of 1Mb or more:
R 2.1Mb
libs 5.4Mb
Flavors: r-release-macos-arm64, r-release-macos-x86_64, r-oldrel-macos-arm64, r-oldrel-macos-x86_64, r-oldrel-windows-ix86+x86_64