Last updated on 2023-04-02 07:55:28 CEST.
Flavor | Version | Tinstall | Tcheck | Ttotal | Status | Flags |
---|---|---|---|---|---|---|
r-devel-linux-x86_64-debian-clang | 5.7.5 | 89.81 | 316.55 | 406.36 | NOTE | |
r-devel-linux-x86_64-debian-gcc | 5.7.5 | 74.40 | 206.02 | 280.42 | NOTE | |
r-devel-linux-x86_64-fedora-clang | 5.7.5 | 505.11 | NOTE | |||
r-devel-linux-x86_64-fedora-gcc | 5.7.5 | 461.91 | NOTE | |||
r-patched-linux-x86_64 | 5.7.5 | 74.90 | 252.87 | 327.77 | NOTE | |
r-release-linux-x86_64 | 5.7.5 | 78.48 | 253.27 | 331.75 | OK | |
r-release-macos-arm64 | 5.7.5 | 114.00 | NOTE | |||
r-release-macos-x86_64 | 5.7.5 | 146.00 | NOTE | |||
r-release-windows-x86_64 | 5.7.5 | 202.00 | 327.00 | 529.00 | OK | |
r-oldrel-macos-arm64 | 5.7.5 | 115.00 | NOTE | |||
r-oldrel-macos-x86_64 | 5.7.5 | 146.00 | NOTE | |||
r-oldrel-windows-ix86+x86_64 | 5.7.5 | 207.00 | 419.00 | 626.00 | NOTE |
Version: 5.7.5
Check: C++ specification
Result: NOTE
Specified C++11: please drop specification unless essential
Flavors: r-devel-linux-x86_64-debian-clang, r-devel-linux-x86_64-debian-gcc, r-devel-linux-x86_64-fedora-clang, r-devel-linux-x86_64-fedora-gcc, r-patched-linux-x86_64
Version: 5.7.5
Check: installed package size
Result: NOTE
installed size is 6.6Mb
sub-directories of 1Mb or more:
libs 3.8Mb
Flavors: r-release-macos-arm64, r-release-macos-x86_64, r-oldrel-macos-arm64, r-oldrel-macos-x86_64, r-oldrel-windows-ix86+x86_64