CRAN Package Check Results for Package scrutiny

Last updated on 2024-02-27 07:54:59 CET.

Flavor Version Tinstall Tcheck Ttotal Status Flags
r-devel-linux-x86_64-debian-clang 0.3.0 11.74 366.39 378.13 OK
r-devel-linux-x86_64-debian-gcc 0.4.0 8.51 242.07 250.58 OK
r-devel-linux-x86_64-fedora-clang 0.4.0 406.74 NOTE
r-devel-linux-x86_64-fedora-gcc 0.4.0 430.25 OK
r-devel-windows-x86_64 0.3.0 11.00 268.00 279.00 OK
r-patched-linux-x86_64 0.3.0 13.75 349.41 363.16 OK
r-release-linux-x86_64 0.4.0 7.29 313.75 321.04 OK
r-release-macos-arm64 0.4.0 114.00 OK
r-release-macos-x86_64 0.4.0 270.00 OK
r-release-windows-x86_64 0.4.0 15.00 261.00 276.00 OK
r-oldrel-macos-arm64 0.4.0 108.00 OK
r-oldrel-windows-x86_64 0.4.0 16.00 299.00 315.00 OK

Check Details

Version: 0.4.0
Check: Rd cross-references
Result: NOTE Undeclared packages ‘janitor’, ‘unheadr’, ‘validate’ in Rd xrefs Flavor: r-devel-linux-x86_64-fedora-clang