CRAN Package Check Results for Package scoringRules

Last updated on 2023-01-27 07:50:44 CET.

Flavor Version Tinstall Tcheck Ttotal Status Flags
r-devel-linux-x86_64-debian-clang 1.0.2 69.49 298.14 367.63 OK
r-devel-linux-x86_64-debian-gcc 1.0.2 52.66 211.56 264.22 OK
r-devel-linux-x86_64-fedora-clang 1.0.2 460.52 OK
r-devel-linux-x86_64-fedora-gcc 1.0.2 460.60 OK
r-patched-linux-x86_64 1.0.2 53.24 298.71 351.95 OK
r-release-linux-x86_64 1.0.2 59.95 295.38 355.33 OK
r-release-macos-arm64 1.0.2 149.00 NOTE
r-release-macos-x86_64 1.0.2 161.00 NOTE
r-release-windows-x86_64 1.0.2 155.00 456.00 611.00 OK
r-oldrel-macos-arm64 1.0.2 138.00 NOTE
r-oldrel-macos-x86_64 1.0.2 159.00 NOTE
r-oldrel-windows-ix86+x86_64 1.0.2 158.00 453.00 611.00 OK

Check Details

Version: 1.0.2
Check: installed package size
Result: NOTE
     installed size is 5.7Mb
     sub-directories of 1Mb or more:
     libs 3.9Mb
Flavors: r-release-macos-arm64, r-release-macos-x86_64, r-oldrel-macos-arm64, r-oldrel-macos-x86_64