CRAN Package Check Results for Package schtools

Last updated on 2022-11-26 07:32:10 CET.

Flavor Version Tinstall Tcheck Ttotal Status Flags
r-devel-linux-x86_64-debian-clang 0.3.1 5.93 81.18 87.11 OK
r-devel-linux-x86_64-debian-gcc 0.3.1 3.29 61.31 64.60 OK
r-devel-linux-x86_64-fedora-clang 0.3.1 113.98 OK
r-devel-linux-x86_64-fedora-gcc 0.3.1 118.07 OK
r-devel-windows-x86_64 0.3.1 17.00 119.00 136.00 OK
r-patched-linux-x86_64 0.3.1 OK
r-release-linux-x86_64 0.3.1 3.33 79.16 82.49 OK
r-release-macos-arm64 0.3.1 49.00 OK
r-release-macos-x86_64 0.3.1 52.00 OK
r-release-windows-x86_64 0.3.0 21.00 109.00 130.00 ERROR
r-oldrel-macos-arm64 0.3.1 46.00 OK
r-oldrel-macos-x86_64 0.3.1 56.00 OK
r-oldrel-windows-ix86+x86_64 0.3.1 16.00 136.00 152.00 OK

Check Details

Version: 0.3.0
Check: tests
Result: ERROR
     Running 'testthat.R' [5s]
    Running the tests in 'tests/testthat.R' failed.
    Complete output:
     > library(testthat)
     > library(schtools)
     >
     > test_check("schtools")
     [ FAIL 1 | WARN 1 | SKIP 0 | PASS 46 ]
    
     ══ Failed tests ════════════════════════════════════════════════════════════════
     ── Failure ('test-plot.R:7'): theme_sovacool works ─────────────────────────────
     plot_sovacool$theme not equal to structure(...).
     Names: 7 string mismatches
     Length mismatch: comparison on first 93 components
     Component "line": Names: 1 string mismatch
     Component "rect": Names: 1 string mismatch
     Component "axis.ticks": Names: 1 string mismatch
     Component "legend.background": Names: 1 string mismatch
     Component "legend.key": Names: 1 string mismatch
     Component "panel.background": Names: 1 string mismatch
     Component "panel.border": Names: 1 string mismatch
     ...
    
     [ FAIL 1 | WARN 1 | SKIP 0 | PASS 46 ]
     Error: Test failures
     Execution halted
Flavor: r-release-windows-x86_64