CRAN Package Check Results for Package schrute

Last updated on 2023-03-22 05:52:38 CET.

Flavor Version Tinstall Tcheck Ttotal Status Flags
r-devel-linux-x86_64-debian-clang 1.0.1 4.52 33.79 38.31 OK
r-devel-linux-x86_64-debian-gcc 1.0.1 4.29 26.52 30.81 OK
r-devel-linux-x86_64-fedora-clang 1.0.1 51.22 NOTE
r-devel-linux-x86_64-fedora-gcc 1.0.1 57.70 NOTE
r-patched-linux-x86_64 1.0.1 4.47 35.46 39.93 OK
r-release-linux-x86_64 1.0.1 4.06 35.59 39.65 OK
r-release-macos-arm64 1.0.1 21.00 NOTE
r-release-macos-x86_64 1.0.1 30.00 NOTE
r-release-windows-x86_64 1.0.1 17.00 69.00 86.00 OK
r-oldrel-macos-arm64 1.0.1 26.00 NOTE
r-oldrel-macos-x86_64 1.0.1 37.00 NOTE
r-oldrel-windows-ix86+x86_64 1.0.1 10.00 67.00 77.00 OK

Check Details

Version: 1.0.1
Check: data for non-ASCII characters
Result: NOTE
     Note: found 464 marked UTF-8 strings
Flavors: r-devel-linux-x86_64-fedora-clang, r-devel-linux-x86_64-fedora-gcc, r-release-macos-arm64, r-release-macos-x86_64, r-oldrel-macos-arm64, r-oldrel-macos-x86_64