Last updated on 2025-01-24 07:49:30 CET.
Flavor | Version | Tinstall | Tcheck | Ttotal | Status | Flags |
---|---|---|---|---|---|---|
r-devel-linux-x86_64-debian-clang | 0.2.0 | 3.86 | 44.90 | 48.76 | OK | |
r-devel-linux-x86_64-debian-gcc | 0.2.0 | 2.73 | 30.36 | 33.09 | NOTE | |
r-devel-linux-x86_64-fedora-clang | 0.2.0 | 79.64 | OK | |||
r-devel-linux-x86_64-fedora-gcc | 0.2.0 | 73.09 | OK | |||
r-devel-windows-x86_64 | 0.2.0 | 6.00 | 66.00 | 72.00 | OK | |
r-patched-linux-x86_64 | 0.2.0 | 5.06 | 42.34 | 47.40 | OK | |
r-release-linux-x86_64 | 0.2.0 | 3.26 | 41.98 | 45.24 | OK | |
r-release-macos-arm64 | 0.2.0 | 26.00 | OK | |||
r-release-macos-x86_64 | 0.2.0 | 41.00 | OK | |||
r-release-windows-x86_64 | 0.2.0 | 5.00 | 64.00 | 69.00 | OK | |
r-oldrel-macos-arm64 | 0.2.0 | 29.00 | OK | |||
r-oldrel-macos-x86_64 | 0.2.0 | 50.00 | OK | |||
r-oldrel-windows-x86_64 | 0.2.0 | 7.00 | 78.00 | 85.00 | OK |
Version: 0.2.0
Check: DESCRIPTION meta-information
Result: NOTE
Missing dependency on R >= 4.1.0 because package code uses the pipe
|> or function shorthand \(...) syntax added in R 4.1.0.
File(s) using such syntax:
‘nap.R’ ‘randomization_test.R’ ‘scdtb.R’
Flavor: r-devel-linux-x86_64-debian-gcc