Last updated on 2023-11-28 07:53:16 CET.
Flavor | Version | Tinstall | Tcheck | Ttotal | Status | Flags |
---|---|---|---|---|---|---|
r-devel-linux-x86_64-debian-clang | 1.0.1 | 6.79 | 24.71 | 31.50 | NOTE | |
r-devel-linux-x86_64-debian-gcc | 1.0.1 | 4.30 | 18.89 | 23.19 | NOTE | |
r-devel-linux-x86_64-fedora-clang | 1.0.1 | 40.80 | NOTE | |||
r-devel-linux-x86_64-fedora-gcc | 1.0.1 | 36.34 | NOTE | |||
r-devel-windows-x86_64 | 1.0.1 | 7.00 | 41.00 | 48.00 | NOTE | |
r-patched-linux-x86_64 | 1.0.1 | 3.41 | 23.96 | 27.37 | NOTE | |
r-release-linux-x86_64 | 1.0.1 | 3.19 | 24.35 | 27.54 | NOTE | |
r-release-macos-arm64 | 1.0.1 | 17.00 | NOTE | |||
r-release-macos-x86_64 | 1.0.1 | 23.00 | NOTE | |||
r-release-windows-x86_64 | 1.0.1 | 8.00 | 42.00 | 50.00 | NOTE | |
r-oldrel-macos-arm64 | 1.0.1 | 17.00 | NOTE | |||
r-oldrel-macos-x86_64 | 1.0.1 | 26.00 | NOTE | |||
r-oldrel-windows-x86_64 | 1.0.1 | 7.00 | 45.00 | 52.00 | NOTE |
Version: 1.0.1
Check: LazyData
Result: NOTE
'LazyData' is specified without a 'data' directory
Flavors: r-devel-linux-x86_64-debian-clang, r-devel-linux-x86_64-debian-gcc, r-devel-linux-x86_64-fedora-clang, r-devel-linux-x86_64-fedora-gcc, r-devel-windows-x86_64, r-patched-linux-x86_64, r-release-linux-x86_64, r-release-macos-arm64, r-release-macos-x86_64, r-release-windows-x86_64, r-oldrel-macos-arm64, r-oldrel-macos-x86_64, r-oldrel-windows-x86_64
Version: 1.0.1
Check: dependencies in R code
Result: NOTE
Namespaces in Imports field not imported from:
‘R6’ ‘cowplot’ ‘ggplot2’ ‘ggridges’ ‘ggstance’ ‘jmvcore’
All declared Imports should be used.
Flavors: r-devel-linux-x86_64-fedora-clang, r-devel-linux-x86_64-fedora-gcc, r-oldrel-macos-arm64, r-oldrel-macos-x86_64