Last updated on 2023-02-08 07:54:42 CET.
Flavor | Version | Tinstall | Tcheck | Ttotal | Status | Flags |
---|---|---|---|---|---|---|
r-devel-linux-x86_64-debian-clang | 1.0.0 | 4.13 | 60.69 | 64.82 | OK | |
r-devel-linux-x86_64-debian-gcc | 1.0.0 | 3.49 | 45.05 | 48.54 | OK | |
r-devel-linux-x86_64-fedora-clang | 1.0.0 | 79.15 | OK | |||
r-devel-linux-x86_64-fedora-gcc | 1.0.0 | 89.02 | OK | |||
r-devel-windows-x86_64 | 1.0.0 | 97.00 | 96.00 | 193.00 | OK | |
r-patched-linux-x86_64 | 1.0.0 | 3.42 | 56.56 | 59.98 | OK | |
r-release-linux-x86_64 | 1.0.0 | 2.88 | 58.68 | 61.56 | OK | |
r-release-macos-arm64 | 1.0.0 | 25.00 | OK | |||
r-release-macos-x86_64 | 1.0.0 | 35.00 | OK | |||
r-release-windows-x86_64 | 1.0.0 | 103.00 | 94.00 | 197.00 | OK | |
r-oldrel-macos-arm64 | 1.0.0 | 30.00 | WARN | |||
r-oldrel-macos-x86_64 | 1.0.0 | 38.00 | WARN | |||
r-oldrel-windows-ix86+x86_64 | 1.0.0 | 8.00 | 84.00 | 92.00 | OK |
Version: 1.0.0
Check: for executable files
Result: WARN
Found the following executable file:
inst/extdata/Azores.dbf
Source packages should not contain undeclared executable files.
See section ‘Package structure’ in the ‘Writing R Extensions’ manual.
Flavors: r-oldrel-macos-arm64, r-oldrel-macos-x86_64