Last updated on 2023-01-27 07:50:44 CET.
Flavor | Version | Tinstall | Tcheck | Ttotal | Status | Flags |
---|---|---|---|---|---|---|
r-devel-linux-x86_64-debian-clang | 2.3.3 | 16.67 | 174.56 | 191.23 | NOTE | |
r-devel-linux-x86_64-debian-gcc | 2.3.3 | 11.87 | 127.10 | 138.97 | NOTE | |
r-devel-linux-x86_64-fedora-clang | 2.3.3 | 231.00 | NOTE | |||
r-devel-linux-x86_64-fedora-gcc | 2.3.3 | 238.72 | NOTE | |||
r-patched-linux-x86_64 | 2.3.3 | 13.58 | 161.35 | 174.93 | OK | |
r-release-linux-x86_64 | 2.3.3 | 11.29 | 159.94 | 171.23 | OK | |
r-release-macos-arm64 | 2.3.3 | 63.00 | OK | |||
r-release-macos-x86_64 | 2.3.3 | 114.00 | OK | |||
r-release-windows-x86_64 | 2.3.3 | 37.00 | 239.00 | 276.00 | OK | |
r-oldrel-macos-arm64 | 2.3.3 | 88.00 | OK | |||
r-oldrel-macos-x86_64 | 2.3.3 | 136.00 | OK | |||
r-oldrel-windows-ix86+x86_64 | 2.3.3 | 36.00 | 211.00 | 247.00 | OK |
Version: 2.3.3
Check: Rd files
Result: NOTE
checkRd: (-1) x.oreo.Rd:48: Escaped LaTeX specials: \_ \_
Flavors: r-devel-linux-x86_64-debian-clang, r-devel-linux-x86_64-debian-gcc, r-devel-linux-x86_64-fedora-clang, r-devel-linux-x86_64-fedora-gcc