Last updated on 2023-02-06 06:52:09 CET.
Flavor | Version | Tinstall | Tcheck | Ttotal | Status | Flags |
---|---|---|---|---|---|---|
r-devel-linux-x86_64-debian-clang | 1.0.1 | 7.66 | 78.28 | 85.94 | NOTE | |
r-devel-linux-x86_64-debian-gcc | 1.0.1 | 6.42 | 60.21 | 66.63 | NOTE | |
r-devel-linux-x86_64-fedora-clang | 1.0.1 | 109.19 | NOTE | |||
r-devel-linux-x86_64-fedora-gcc | 1.0.1 | 106.13 | NOTE | |||
r-devel-windows-x86_64 | 1.0.1 | 13.00 | 105.00 | 118.00 | NOTE | |
r-patched-linux-x86_64 | 1.0.1 | 6.87 | 75.14 | 82.01 | NOTE | |
r-release-linux-x86_64 | 1.0.1 | 7.04 | 80.24 | 87.28 | NOTE | |
r-release-macos-arm64 | 1.0.1 | 34.00 | NOTE | |||
r-release-macos-x86_64 | 1.0.1 | 47.00 | NOTE | |||
r-release-windows-x86_64 | 1.0.1 | 12.00 | 108.00 | 120.00 | NOTE | |
r-oldrel-macos-arm64 | 1.0.1 | 41.00 | NOTE | |||
r-oldrel-macos-x86_64 | 1.0.1 | 55.00 | NOTE | |||
r-oldrel-windows-ix86+x86_64 | 1.0.1 | 18.00 | 112.00 | 130.00 | NOTE |
Version: 1.0.1
Check: LazyData
Result: NOTE
'LazyData' is specified without a 'data' directory
Flavors: r-devel-linux-x86_64-debian-clang, r-devel-linux-x86_64-debian-gcc, r-devel-linux-x86_64-fedora-clang, r-devel-linux-x86_64-fedora-gcc, r-devel-windows-x86_64, r-patched-linux-x86_64, r-release-linux-x86_64, r-release-macos-arm64, r-release-macos-x86_64, r-release-windows-x86_64, r-oldrel-macos-arm64, r-oldrel-macos-x86_64, r-oldrel-windows-ix86+x86_64
Version: 1.0.1
Check: dependencies in R code
Result: NOTE
Namespaces in Imports field not imported from:
‘methods’ ‘pbapply’ ‘utils’
All declared Imports should be used.
Flavors: r-devel-linux-x86_64-fedora-clang, r-devel-linux-x86_64-fedora-gcc, r-release-macos-arm64, r-release-macos-x86_64, r-oldrel-macos-arm64, r-oldrel-macos-x86_64