Last updated on 2023-02-05 07:57:35 CET.
Flavor | Version | Tinstall | Tcheck | Ttotal | Status | Flags |
---|---|---|---|---|---|---|
r-devel-linux-x86_64-debian-clang | 3.2.1 | 14.48 | 300.59 | 315.07 | OK | |
r-devel-linux-x86_64-debian-gcc | 3.2.1 | 9.18 | 215.40 | 224.58 | OK | |
r-devel-linux-x86_64-fedora-clang | 3.2.1 | 366.92 | NOTE | |||
r-devel-linux-x86_64-fedora-gcc | 3.2.1 | 387.65 | NOTE | |||
r-devel-windows-x86_64 | 3.2.1 | 22.00 | 334.00 | 356.00 | OK | |
r-patched-linux-x86_64 | 3.2.1 | 12.20 | 290.24 | 302.44 | OK | |
r-release-linux-x86_64 | 3.2.1 | 12.65 | 295.97 | 308.62 | OK | |
r-release-macos-arm64 | 3.2.1 | 121.00 | NOTE | |||
r-release-macos-x86_64 | 3.2.1 | 153.00 | NOTE | |||
r-release-windows-x86_64 | 3.2.1 | 22.00 | 336.00 | 358.00 | OK | |
r-oldrel-macos-arm64 | 3.2.1 | 116.00 | NOTE | |||
r-oldrel-macos-x86_64 | 3.2.1 | 148.00 | NOTE | |||
r-oldrel-windows-ix86+x86_64 | 3.2.1 | 26.00 | 359.00 | 385.00 | OK |
Version: 3.2.1
Check: dependencies in R code
Result: NOTE
Namespace in Imports field not imported from: ‘crayon’
All declared Imports should be used.
Flavors: r-devel-linux-x86_64-fedora-clang, r-devel-linux-x86_64-fedora-gcc, r-release-macos-arm64, r-release-macos-x86_64, r-oldrel-macos-arm64, r-oldrel-macos-x86_64