Last updated on 2023-02-06 06:52:09 CET.
Flavor | Version | Tinstall | Tcheck | Ttotal | Status | Flags |
---|---|---|---|---|---|---|
r-devel-linux-x86_64-debian-clang | 1.1.5 | 12.86 | 83.82 | 96.68 | NOTE | |
r-devel-linux-x86_64-debian-gcc | 1.1.5 | 7.71 | 61.49 | 69.20 | NOTE | |
r-devel-linux-x86_64-fedora-clang | 1.1.5 | 124.10 | NOTE | |||
r-devel-linux-x86_64-fedora-gcc | 1.1.5 | 113.56 | NOTE | |||
r-devel-windows-x86_64 | 1.1.5 | 21.00 | 107.00 | 128.00 | NOTE | |
r-patched-linux-x86_64 | 1.1.5 | 9.88 | 77.58 | 87.46 | NOTE | |
r-release-linux-x86_64 | 1.1.5 | 9.86 | 79.15 | 89.01 | NOTE | |
r-release-macos-arm64 | 1.1.5 | 35.00 | NOTE | |||
r-release-macos-x86_64 | 1.1.5 | 47.00 | NOTE | |||
r-release-windows-x86_64 | 1.1.5 | 23.00 | 109.00 | 132.00 | NOTE | |
r-oldrel-macos-arm64 | 1.1.5 | 37.00 | NOTE | |||
r-oldrel-macos-x86_64 | 1.1.5 | 45.00 | NOTE | |||
r-oldrel-windows-ix86+x86_64 | 1.1.5 | 22.00 | 111.00 | 133.00 | NOTE |
Version: 1.1.5
Check: package dependencies
Result: NOTE
Packages which this enhances but not available for checking:
'gurobi', 'pogs'
Flavors: r-devel-linux-x86_64-debian-clang, r-devel-linux-x86_64-debian-gcc, r-patched-linux-x86_64, r-release-linux-x86_64
Version: 1.1.5
Check: package dependencies
Result: NOTE
Packages which this enhances but not available for checking:
'gurobi', 'Rcplex', 'pogs'
Flavors: r-devel-linux-x86_64-fedora-clang, r-devel-linux-x86_64-fedora-gcc, r-devel-windows-x86_64, r-release-macos-arm64, r-release-macos-x86_64, r-release-windows-x86_64, r-oldrel-macos-arm64, r-oldrel-macos-x86_64, r-oldrel-windows-ix86+x86_64