Last updated on 2023-02-03 06:50:32 CET.
Flavor | Version | Tinstall | Tcheck | Ttotal | Status | Flags |
---|---|---|---|---|---|---|
r-devel-linux-x86_64-debian-clang | 0.4.5 | 49.95 | 536.26 | 586.21 | NOTE | |
r-devel-linux-x86_64-debian-gcc | 0.4.5 | 35.69 | 380.48 | 416.17 | NOTE | |
r-devel-linux-x86_64-fedora-clang | 0.4.5 | 703.98 | NOTE | |||
r-devel-linux-x86_64-fedora-gcc | 0.4.5 | 733.23 | NOTE | |||
r-patched-linux-x86_64 | 0.4.5 | 44.96 | 487.15 | 532.11 | OK | |
r-release-linux-x86_64 | 0.4.5 | 39.39 | 490.42 | 529.81 | OK | |
r-release-macos-arm64 | 0.4.5 | 159.00 | OK | |||
r-release-macos-x86_64 | 0.4.5 | 234.00 | OK | |||
r-release-windows-x86_64 | 0.4.5 | 71.00 | 305.00 | 376.00 | OK | |
r-oldrel-macos-arm64 | 0.4.5 | 164.00 | OK | |||
r-oldrel-macos-x86_64 | 0.4.5 | 238.00 | OK | |||
r-oldrel-windows-ix86+x86_64 | 0.4.5 | 110.00 | 382.00 | 492.00 | OK |
Version: 0.4.5
Check: C++ specification
Result: NOTE
Specified C++11: please update to current default of C++17
Flavors: r-devel-linux-x86_64-debian-clang, r-devel-linux-x86_64-debian-gcc, r-devel-linux-x86_64-fedora-clang, r-devel-linux-x86_64-fedora-gcc