CRAN Package Check Results for Package sazedR

Last updated on 2023-06-08 07:59:10 CEST.

Flavor Version Tinstall Tcheck Ttotal Status Flags
r-devel-linux-x86_64-debian-clang 2.0.2 5.50 44.74 50.24 NOTE
r-devel-linux-x86_64-debian-gcc 2.0.2 4.48 34.06 38.54 NOTE
r-devel-linux-x86_64-fedora-clang 2.0.2 64.42 NOTE
r-devel-linux-x86_64-fedora-gcc 2.0.2 58.36 NOTE
r-devel-windows-x86_64 2.0.2 6.00 58.00 64.00 NOTE
r-patched-linux-x86_64 2.0.2 5.21 42.38 47.59 NOTE
r-release-linux-x86_64 2.0.2 4.34 42.58 46.92 NOTE
r-release-macos-arm64 2.0.2 25.00 NOTE
r-release-macos-x86_64 2.0.2 33.00 NOTE
r-release-windows-x86_64 2.0.2 8.00 63.00 71.00 NOTE
r-oldrel-macos-arm64 2.0.2 24.00 NOTE
r-oldrel-macos-x86_64 2.0.2 47.00 NOTE
r-oldrel-windows-x86_64 2.0.2 8.00 63.00 71.00 NOTE

Check Details

Version: 2.0.2
Check: LazyData
Result: NOTE
     'LazyData' is specified without a 'data' directory
Flavors: r-devel-linux-x86_64-debian-clang, r-devel-linux-x86_64-debian-gcc, r-devel-linux-x86_64-fedora-clang, r-devel-linux-x86_64-fedora-gcc, r-devel-windows-x86_64, r-patched-linux-x86_64, r-release-linux-x86_64, r-release-macos-arm64, r-release-macos-x86_64, r-release-windows-x86_64, r-oldrel-macos-arm64, r-oldrel-macos-x86_64, r-oldrel-windows-x86_64