CRAN Package Check Results for Package sazedR

Last updated on 2023-02-07 07:54:13 CET.

Flavor Version Tinstall Tcheck Ttotal Status Flags
r-devel-linux-x86_64-debian-clang 2.0.2 4.69 43.29 47.98 NOTE
r-devel-linux-x86_64-debian-gcc 2.0.2 4.07 33.27 37.34 NOTE
r-devel-linux-x86_64-fedora-clang 2.0.2 67.46 NOTE
r-devel-linux-x86_64-fedora-gcc 2.0.2 58.68 NOTE
r-devel-windows-x86_64 2.0.2 18.00 76.00 94.00 NOTE
r-patched-linux-x86_64 2.0.2 4.88 43.19 48.07 NOTE
r-release-linux-x86_64 2.0.2 4.90 43.68 48.58 NOTE
r-release-macos-arm64 2.0.2 24.00 NOTE
r-release-macos-x86_64 2.0.2 47.00 NOTE
r-release-windows-x86_64 2.0.2 17.00 86.00 103.00 NOTE
r-oldrel-macos-arm64 2.0.2 28.00 NOTE
r-oldrel-macos-x86_64 2.0.2 33.00 NOTE
r-oldrel-windows-ix86+x86_64 2.0.2 13.00 80.00 93.00 NOTE

Check Details

Version: 2.0.2
Check: LazyData
Result: NOTE
     'LazyData' is specified without a 'data' directory
Flavors: r-devel-linux-x86_64-debian-clang, r-devel-linux-x86_64-debian-gcc, r-devel-linux-x86_64-fedora-clang, r-devel-linux-x86_64-fedora-gcc, r-devel-windows-x86_64, r-patched-linux-x86_64, r-release-linux-x86_64, r-release-macos-arm64, r-release-macos-x86_64, r-release-windows-x86_64, r-oldrel-macos-arm64, r-oldrel-macos-x86_64, r-oldrel-windows-ix86+x86_64