CRAN Package Check Results for Package sanic

Last updated on 2023-01-30 09:54:24 CET.

Flavor Version Tinstall Tcheck Ttotal Status Flags
r-devel-linux-x86_64-debian-clang 0.0.1 110.94 68.48 179.42 OK
r-devel-linux-x86_64-debian-gcc 0.0.1 92.98 56.63 149.61 NOTE
r-devel-linux-x86_64-fedora-clang 0.0.1 238.71 NOTE
r-devel-linux-x86_64-fedora-gcc 0.0.1 262.55 NOTE
r-devel-windows-x86_64 0.0.1 84.00 119.00 203.00 NOTE
r-patched-linux-x86_64 0.0.1 102.33 69.55 171.88 OK
r-release-linux-x86_64 0.0.1 99.13 70.92 170.05 OK
r-release-macos-arm64 0.0.1 66.00 NOTE
r-release-macos-x86_64 0.0.1 82.00 NOTE
r-release-windows-x86_64 0.0.1 86.00 122.00 208.00 OK
r-oldrel-macos-arm64 0.0.1 74.00 NOTE
r-oldrel-macos-x86_64 0.0.1 125.00 NOTE
r-oldrel-windows-ix86+x86_64 0.0.1 248.00 136.00 384.00 OK

Check Details

Version: 0.0.1
Check: C++ specification
Result: NOTE
     Specified C++11: please update to current default of C++17
Flavors: r-devel-linux-x86_64-debian-gcc, r-devel-linux-x86_64-fedora-clang, r-devel-linux-x86_64-fedora-gcc, r-devel-windows-x86_64

Version: 0.0.1
Check: installed package size
Result: NOTE
     installed size is 23.1Mb
     sub-directories of 1Mb or more:
     libs 23.0Mb
Flavors: r-release-macos-arm64, r-release-macos-x86_64, r-oldrel-macos-arm64, r-oldrel-macos-x86_64