CRAN Package Check Results for Package sandwich

Last updated on 2023-06-02 07:55:34 CEST.

Flavor Version Tinstall Tcheck Ttotal Status Flags
r-devel-linux-x86_64-debian-clang 3.0-2 5.68 321.02 326.70 OK
r-devel-linux-x86_64-debian-gcc 3.0-2 5.06 241.31 246.37 OK
r-devel-linux-x86_64-fedora-clang 3.0-2 414.62 OK
r-devel-linux-x86_64-fedora-gcc 3.0-2 424.05 OK
r-devel-windows-x86_64 3.0-2 7.00 313.00 320.00 OK
r-patched-linux-x86_64 3.0-2 OK
r-release-linux-x86_64 3.0-2 5.52 316.65 322.17 OK
r-release-macos-arm64 3.0-2 165.00 OK
r-release-macos-x86_64 3.0-2 274.00 OK
r-release-windows-x86_64 3.0-2 8.00 342.00 350.00 OK
r-oldrel-macos-arm64 3.0-2 149.00 OK
r-oldrel-macos-x86_64 3.0-2 157.00 NOTE
r-oldrel-windows-x86_64 3.0-2 9.00 308.00 317.00 OK

Additional issues

ATLAS M1mac MKL OpenBLAS

Check Details

Version: 3.0-2
Check: package dependencies
Result: NOTE
    Package suggested but not available for checking: ‘pcse’
Flavor: r-oldrel-macos-x86_64

Version: 3.0-2
Check: running R code from vignettes
Result: NOTE
     ‘sandwich-CL.Rnw’... [7s/7s] NOTE
    differences from ‘sandwich-CL.Rout.save’
    63,64c63,69
    < Warning in library(package, lib.loc = lib.loc, character.only = TRUE, logical.return = TRUE, :
    < there is no package called 'pcse'
    ---
    >
    > Attaching package: 'pcse'
    >
    > The following object is masked from 'package:sandwich':
    >
    > vcovPC
    >
    165,166c170,171
    < (Intercept) 0.022201 0.028359
    < x 0.025276 0.028583
    ---
    > (Intercept) 0.022201 0.022201
    > x 0.025276 0.025276
    176,177c181,182
    < (Intercept) 0.022070 0.028359 0.022603 0.028359
    < x 0.025338 0.028581 0.025241 0.028581
    ---
    > (Intercept) 0.022070 0.022070 0.022603 0.022603
    > x 0.025338 0.025338 0.025241 0.025241
     ‘sandwich-OOP.Rnw’... [2s/2s] OK
     ‘sandwich.Rnw’... [1s/1s] OK
Flavor: r-oldrel-macos-x86_64