Last updated on 2023-02-07 07:54:13 CET.
Flavor | Version | Tinstall | Tcheck | Ttotal | Status | Flags |
---|---|---|---|---|---|---|
r-devel-linux-x86_64-debian-clang | 3.0 | 9.28 | 101.39 | 110.67 | NOTE | |
r-devel-linux-x86_64-debian-gcc | 3.0 | 8.49 | 75.31 | 83.80 | NOTE | |
r-devel-linux-x86_64-fedora-clang | 3.0 | 145.03 | NOTE | |||
r-devel-linux-x86_64-fedora-gcc | 3.0 | 132.00 | NOTE | |||
r-devel-windows-x86_64 | 3.0 | 31.00 | 128.00 | 159.00 | NOTE | |
r-patched-linux-x86_64 | 3.0 | 11.49 | 99.91 | 111.40 | OK | |
r-release-linux-x86_64 | 3.0 | 8.13 | 96.78 | 104.91 | OK | |
r-release-macos-arm64 | 3.0 | 44.00 | OK | |||
r-release-macos-x86_64 | 3.0 | 77.00 | OK | |||
r-release-windows-x86_64 | 3.0 | 39.00 | 140.00 | 179.00 | OK | |
r-oldrel-macos-arm64 | 3.0 | 50.00 | OK | |||
r-oldrel-macos-x86_64 | 3.0 | 62.00 | OK | |||
r-oldrel-windows-ix86+x86_64 | 3.0 | 26.00 | 195.00 | 221.00 | OK |
Version: 3.0
Check: Rd files
Result: NOTE
checkRd: (-1) SAM.Rd:67: Escaped LaTeX specials: \$
checkRd: (-1) samr.Rd:59: Escaped LaTeX specials: \$
checkRd: (-1) samr.Rd:84: Escaped LaTeX specials: \# \$
checkRd: (-1) samr.Rd:88: Escaped LaTeX specials: \$
checkRd: (-1) samr.Rd:92: Escaped LaTeX specials: \$
checkRd: (-1) samr.Rd:97: Escaped LaTeX specials: \#
checkRd: (-1) samr.assess.samplesize.plot.Rd:12: Escaped LaTeX specials: \#
Flavors: r-devel-linux-x86_64-debian-clang, r-devel-linux-x86_64-debian-gcc, r-devel-linux-x86_64-fedora-clang, r-devel-linux-x86_64-fedora-gcc, r-devel-windows-x86_64