Last updated on 2023-02-04 08:01:27 CET.
Flavor | Version | Tinstall | Tcheck | Ttotal | Status | Flags |
---|---|---|---|---|---|---|
r-devel-linux-x86_64-debian-clang | 0.1.0 | 11.01 | 104.03 | 115.04 | NOTE | |
r-devel-linux-x86_64-debian-gcc | 0.1.0 | 9.22 | 76.06 | 85.28 | NOTE | |
r-devel-linux-x86_64-fedora-clang | 0.1.0 | 144.62 | NOTE | |||
r-devel-linux-x86_64-fedora-gcc | 0.1.0 | 144.34 | NOTE | |||
r-devel-windows-x86_64 | 0.1.0 | 20.00 | 125.00 | 145.00 | NOTE | |
r-patched-linux-x86_64 | 0.1.0 | 10.59 | 96.11 | 106.70 | NOTE | |
r-release-linux-x86_64 | 0.1.0 | 8.48 | 99.02 | 107.50 | NOTE | |
r-release-macos-arm64 | 0.1.0 | 38.00 | NOTE | |||
r-release-macos-x86_64 | 0.1.0 | 73.00 | NOTE | |||
r-release-windows-x86_64 | 0.1.0 | 21.00 | 136.00 | 157.00 | NOTE | |
r-oldrel-macos-arm64 | 0.1.0 | 46.00 | NOTE | |||
r-oldrel-macos-x86_64 | 0.1.0 | 63.00 | NOTE | |||
r-oldrel-windows-ix86+x86_64 | 0.1.0 | 24.00 | 128.00 | 152.00 | NOTE |
Version: 0.1.0
Check: LazyData
Result: NOTE
'LazyData' is specified without a 'data' directory
Flavors: r-devel-linux-x86_64-debian-clang, r-devel-linux-x86_64-debian-gcc, r-devel-linux-x86_64-fedora-clang, r-devel-linux-x86_64-fedora-gcc, r-devel-windows-x86_64, r-patched-linux-x86_64, r-release-linux-x86_64, r-release-macos-arm64, r-release-macos-x86_64, r-release-windows-x86_64, r-oldrel-macos-arm64, r-oldrel-macos-x86_64, r-oldrel-windows-ix86+x86_64