CRAN Package Check Results for Package sambia

Last updated on 2024-02-23 07:52:20 CET.

Flavor Version Tinstall Tcheck Ttotal Status Flags
r-devel-linux-x86_64-debian-clang 0.1.0 NOTE
r-devel-linux-x86_64-debian-gcc 0.1.0 8.61 75.71 84.32 NOTE
r-devel-linux-x86_64-fedora-clang 0.1.0 134.62 NOTE
r-devel-linux-x86_64-fedora-gcc 0.1.0 131.09 NOTE
r-devel-windows-x86_64 0.1.0 11.00 89.00 100.00 NOTE
r-patched-linux-x86_64 0.1.0 9.47 97.49 106.96 NOTE
r-release-linux-x86_64 0.1.0 10.39 97.48 107.87 NOTE
r-release-macos-arm64 0.1.0 42.00 NOTE
r-release-macos-x86_64 0.1.0 72.00 NOTE
r-release-windows-x86_64 0.1.0 13.00 106.00 119.00 NOTE
r-oldrel-macos-arm64 0.1.0 38.00 NOTE
r-oldrel-windows-x86_64 0.1.0 13.00 107.00 120.00 NOTE

Check Details

Version: 0.1.0
Check: LazyData
Result: NOTE 'LazyData' is specified without a 'data' directory Flavors: r-devel-linux-x86_64-debian-clang, r-devel-linux-x86_64-debian-gcc, r-devel-linux-x86_64-fedora-clang, r-devel-linux-x86_64-fedora-gcc, r-devel-windows-x86_64, r-patched-linux-x86_64, r-release-linux-x86_64, r-release-macos-arm64, r-release-macos-x86_64, r-release-windows-x86_64, r-oldrel-macos-arm64, r-oldrel-windows-x86_64