Last updated on 2023-01-28 08:00:46 CET.
Flavor | Version | Tinstall | Tcheck | Ttotal | Status | Flags |
---|---|---|---|---|---|---|
r-devel-linux-x86_64-debian-clang | 0.6.0 | 6.32 | 82.26 | 88.58 | OK | |
r-devel-linux-x86_64-debian-gcc | 0.6.0 | 5.59 | 61.05 | 66.64 | OK | |
r-devel-linux-x86_64-fedora-clang | 0.6.0 | 109.81 | NOTE | |||
r-devel-linux-x86_64-fedora-gcc | 0.6.0 | 116.77 | NOTE | |||
r-patched-linux-x86_64 | 0.6.0 | 6.75 | 76.43 | 83.18 | OK | |
r-release-linux-x86_64 | 0.6.0 | 5.89 | 78.47 | 84.36 | OK | |
r-release-macos-arm64 | 0.6.0 | 37.00 | NOTE | |||
r-release-macos-x86_64 | 0.6.0 | 50.00 | NOTE | |||
r-release-windows-x86_64 | 0.6.0 | 80.00 | 121.00 | 201.00 | OK | |
r-oldrel-macos-arm64 | 0.6.0 | 36.00 | NOTE | |||
r-oldrel-macos-x86_64 | 0.6.0 | 53.00 | NOTE | |||
r-oldrel-windows-ix86+x86_64 | 0.6.0 | 18.00 | 108.00 | 126.00 | OK |
Version: 0.6.0
Check: data for non-ASCII characters
Result: NOTE
Note: found 120 marked UTF-8 strings
Flavors: r-devel-linux-x86_64-fedora-clang, r-devel-linux-x86_64-fedora-gcc, r-release-macos-arm64, r-release-macos-x86_64, r-oldrel-macos-arm64, r-oldrel-macos-x86_64