CRAN Package Check Results for Package saemix

Last updated on 2024-02-27 07:54:59 CET.

Flavor Version Tinstall Tcheck Ttotal Status Flags
r-devel-linux-x86_64-debian-clang 3.2 23.18 155.81 178.99 NOTE
r-devel-linux-x86_64-debian-gcc 3.2 18.61 115.14 133.75 NOTE
r-devel-linux-x86_64-fedora-clang 3.2 222.45 NOTE
r-devel-linux-x86_64-fedora-gcc 3.2 211.56 NOTE
r-devel-windows-x86_64 3.2 24.00 131.00 155.00 OK
r-patched-linux-x86_64 3.2 26.02 148.08 174.10 OK
r-release-linux-x86_64 3.2 17.37 153.29 170.66 OK
r-release-macos-arm64 3.2 51.00 OK
r-release-macos-x86_64 3.2 112.00 OK
r-release-windows-x86_64 3.2 32.00 164.00 196.00 OK
r-oldrel-macos-arm64 3.2 53.00 OK
r-oldrel-windows-x86_64 3.2 34.00 152.00 186.00 OK

Check Details

Version: 3.2
Check: Rd files
Result: NOTE checkRd: (-1) default.saemix.plots.Rd:21-25: Lost braces in \itemize; \value handles \item{}{} directly checkRd: (-1) default.saemix.plots.Rd:26-28: Lost braces in \itemize; \value handles \item{}{} directly checkRd: (-1) default.saemix.plots.Rd:29-30: Lost braces in \itemize; \value handles \item{}{} directly checkRd: (-1) default.saemix.plots.Rd:31-32: Lost braces in \itemize; \value handles \item{}{} directly checkRd: (-1) default.saemix.plots.Rd:33-34: Lost braces in \itemize; \value handles \item{}{} directly Flavors: r-devel-linux-x86_64-debian-clang, r-devel-linux-x86_64-debian-gcc, r-devel-linux-x86_64-fedora-clang, r-devel-linux-x86_64-fedora-gcc