Last updated on 2023-01-30 09:54:26 CET.
Flavor | Version | Tinstall | Tcheck | Ttotal | Status | Flags |
---|---|---|---|---|---|---|
r-devel-linux-x86_64-debian-clang | 0.1.0 | 2.97 | 32.07 | 35.04 | OK | |
r-devel-linux-x86_64-debian-gcc | 0.1.0 | 2.47 | 24.88 | 27.35 | OK | |
r-devel-linux-x86_64-fedora-clang | 0.1.0 | 47.21 | NOTE | |||
r-devel-linux-x86_64-fedora-gcc | 0.1.0 | 43.28 | NOTE | |||
r-devel-windows-x86_64 | 0.1.0 | 16.00 | 63.00 | 79.00 | OK | |
r-patched-linux-x86_64 | 0.1.0 | 2.13 | 32.04 | 34.17 | OK | |
r-release-linux-x86_64 | 0.1.0 | 2.95 | 33.42 | 36.37 | OK | |
r-release-macos-arm64 | 0.1.0 | 21.00 | NOTE | |||
r-release-macos-x86_64 | 0.1.0 | 34.00 | NOTE | |||
r-release-windows-x86_64 | 0.1.0 | 16.00 | 66.00 | 82.00 | OK | |
r-oldrel-macos-arm64 | 0.1.0 | 17.00 | NOTE | |||
r-oldrel-macos-x86_64 | 0.1.0 | 26.00 | NOTE | |||
r-oldrel-windows-ix86+x86_64 | 0.1.0 | 8.00 | 61.00 | 69.00 | OK |
Version: 0.1.0
Check: data for non-ASCII characters
Result: NOTE
Note: found 35 marked UTF-8 strings
Flavors: r-devel-linux-x86_64-fedora-clang, r-devel-linux-x86_64-fedora-gcc, r-release-macos-arm64, r-release-macos-x86_64, r-oldrel-macos-arm64, r-oldrel-macos-x86_64