CRAN Package Check Results for Package sRdpData

Last updated on 2024-03-03 08:52:46 CET.

Flavor Version Tinstall Tcheck Ttotal Status Flags
r-devel-linux-x86_64-debian-clang 0.1.0 1.95 31.65 33.60 OK
r-devel-linux-x86_64-debian-gcc 0.1.0 2.56 25.10 27.66 OK
r-devel-linux-x86_64-fedora-clang 0.1.0 44.20 NOTE
r-devel-linux-x86_64-fedora-gcc 0.1.0 41.86 NOTE
r-devel-windows-x86_64 0.1.0 5.00 46.00 51.00 OK
r-patched-linux-x86_64 0.1.0 3.18 31.36 34.54 OK
r-release-linux-x86_64 0.1.0 3.27 31.15 34.42 OK
r-release-macos-arm64 0.1.0 19.00 OK
r-release-macos-x86_64 0.1.0 26.00 OK
r-release-windows-x86_64 0.1.0 6.00 49.00 55.00 OK
r-oldrel-macos-arm64 0.1.0 21.00 NOTE
r-oldrel-windows-x86_64 0.1.0 5.00 53.00 58.00 OK

Check Details

Version: 0.1.0
Check: data for non-ASCII characters
Result: NOTE Note: found 35 marked UTF-8 strings Flavors: r-devel-linux-x86_64-fedora-clang, r-devel-linux-x86_64-fedora-gcc, r-oldrel-macos-arm64