Last updated on 2023-01-27 07:50:45 CET.
Flavor | Version | Tinstall | Tcheck | Ttotal | Status | Flags |
---|---|---|---|---|---|---|
r-devel-linux-x86_64-debian-clang | 1.0.0 | 9.47 | 68.35 | 77.82 | NOTE | |
r-devel-linux-x86_64-debian-gcc | 1.0.0 | 5.84 | 53.16 | 59.00 | NOTE | |
r-devel-linux-x86_64-fedora-clang | 1.0.0 | 96.28 | NOTE | |||
r-devel-linux-x86_64-fedora-gcc | 1.0.0 | 96.12 | NOTE | |||
r-patched-linux-x86_64 | 1.0.0 | 8.63 | 68.91 | 77.54 | NOTE | |
r-release-linux-x86_64 | 1.0.0 | 9.49 | 66.93 | 76.42 | NOTE | |
r-release-macos-arm64 | 1.0.0 | 31.00 | NOTE | |||
r-release-macos-x86_64 | 1.0.0 | 42.00 | NOTE | |||
r-release-windows-x86_64 | 1.0.0 | 14.00 | 102.00 | 116.00 | NOTE | |
r-oldrel-macos-arm64 | 1.0.0 | 37.00 | NOTE | |||
r-oldrel-macos-x86_64 | 1.0.0 | 60.00 | NOTE | |||
r-oldrel-windows-ix86+x86_64 | 1.0.0 | 18.00 | 101.00 | 119.00 | NOTE |
Version: 1.0.0
Check: LazyData
Result: NOTE
'LazyData' is specified without a 'data' directory
Flavors: r-devel-linux-x86_64-debian-clang, r-devel-linux-x86_64-debian-gcc, r-devel-linux-x86_64-fedora-clang, r-devel-linux-x86_64-fedora-gcc, r-patched-linux-x86_64, r-release-linux-x86_64, r-release-macos-arm64, r-release-macos-x86_64, r-release-windows-x86_64, r-oldrel-macos-arm64, r-oldrel-macos-x86_64, r-oldrel-windows-ix86+x86_64