Last updated on 2023-01-28 08:00:46 CET.
Flavor | Version | Tinstall | Tcheck | Ttotal | Status | Flags |
---|---|---|---|---|---|---|
r-devel-linux-x86_64-debian-clang | 0.1.2 | 4.84 | 70.16 | 75.00 | NOTE | |
r-devel-linux-x86_64-debian-gcc | 0.1.2 | 3.49 | 51.10 | 54.59 | NOTE | |
r-devel-linux-x86_64-fedora-clang | 0.1.2 | 90.72 | NOTE | |||
r-devel-linux-x86_64-fedora-gcc | 0.1.2 | 88.00 | NOTE | |||
r-patched-linux-x86_64 | 0.1.2 | 5.79 | 65.96 | 71.75 | NOTE | |
r-release-linux-x86_64 | 0.1.2 | 4.26 | 67.35 | 71.61 | NOTE | |
r-release-macos-arm64 | 0.1.2 | 27.00 | NOTE | |||
r-release-macos-x86_64 | 0.1.2 | 41.00 | NOTE | |||
r-release-windows-x86_64 | 0.1.2 | 20.00 | 97.00 | 117.00 | NOTE | |
r-oldrel-macos-arm64 | 0.1.2 | 39.00 | NOTE | |||
r-oldrel-macos-x86_64 | 0.1.2 | 57.00 | NOTE | |||
r-oldrel-windows-ix86+x86_64 | 0.1.2 | 15.00 | 105.00 | 120.00 | NOTE |
Version: 0.1.2
Check: LazyData
Result: NOTE
'LazyData' is specified without a 'data' directory
Flavors: r-devel-linux-x86_64-debian-clang, r-devel-linux-x86_64-debian-gcc, r-devel-linux-x86_64-fedora-clang, r-devel-linux-x86_64-fedora-gcc, r-patched-linux-x86_64, r-release-linux-x86_64, r-release-macos-arm64, r-release-macos-x86_64, r-release-windows-x86_64, r-oldrel-macos-arm64, r-oldrel-macos-x86_64, r-oldrel-windows-ix86+x86_64
Version: 0.1.2
Check: dependencies in R code
Result: NOTE
Namespace in Imports field not imported from: ‘R6’
All declared Imports should be used.
Flavors: r-devel-linux-x86_64-fedora-clang, r-devel-linux-x86_64-fedora-gcc, r-release-macos-arm64, r-release-macos-x86_64, r-oldrel-macos-arm64, r-oldrel-macos-x86_64