CRAN Package Check Results for Package sClust

Last updated on 2024-05-21 08:56:30 CEST.

Flavor Version Tinstall Tcheck Ttotal Status Flags
r-devel-linux-x86_64-debian-clang 1.0 3.53 41.25 44.78 NOTE
r-devel-linux-x86_64-debian-gcc 1.0 2.40 31.61 34.01 NOTE
r-devel-linux-x86_64-fedora-clang 1.0 59.43 NOTE
r-devel-linux-x86_64-fedora-gcc 1.0 57.85 NOTE
r-devel-windows-x86_64 1.0 3.00 65.00 68.00 NOTE
r-patched-linux-x86_64 1.0 3.10 38.21 41.31 NOTE
r-release-linux-x86_64 1.0 2.93 39.26 42.19 NOTE
r-release-macos-arm64 1.0 24.00 NOTE
r-release-windows-x86_64 1.0 3.00 64.00 67.00 NOTE
r-oldrel-macos-arm64 1.0 25.00 OK
r-oldrel-macos-x86_64 1.0 37.00 OK
r-oldrel-windows-x86_64 1.0 4.00 61.00 65.00 OK

Check Details

Version: 1.0
Check: Rd files
Result: NOTE checkRd: (-1) HierarchicalClust.Rd:32: Lost braces in \itemize; \value handles \item{}{} directly checkRd: (-1) HierarchicalSC.Rd:29: Lost braces in \itemize; \value handles \item{}{} directly checkRd: (-1) HierarchicalSC.Rd:30: Lost braces in \itemize; \value handles \item{}{} directly checkRd: (-1) HierarchicalSC.Rd:31: Lost braces in \itemize; \value handles \item{}{} directly checkRd: (-1) MSC.Rd:47: Lost braces in \itemize; \value handles \item{}{} directly checkRd: (-1) MSC.Rd:48: Lost braces in \itemize; \value handles \item{}{} directly checkRd: (-1) MSC.Rd:49: Lost braces in \itemize; \value handles \item{}{} directly checkRd: (-1) PeronaFreemanSC.Rd:19: Lost braces in \itemize; \value handles \item{}{} directly checkRd: (-1) PeronaFreemanSC.Rd:20: Lost braces in \itemize; \value handles \item{}{} directly checkRd: (-1) PeronaFreemanSC.Rd:21: Lost braces in \itemize; \value handles \item{}{} directly checkRd: (-1) ShiMalikSC.Rd:19: Lost braces in \itemize; \value handles \item{}{} directly checkRd: (-1) ShiMalikSC.Rd:20: Lost braces in \itemize; \value handles \item{}{} directly checkRd: (-1) ShiMalikSC.Rd:21: Lost braces in \itemize; \value handles \item{}{} directly checkRd: (-1) UnormalizedSC.Rd:21: Lost braces in \itemize; \value handles \item{}{} directly checkRd: (-1) UnormalizedSC.Rd:22: Lost braces in \itemize; \value handles \item{}{} directly checkRd: (-1) UnormalizedSC.Rd:23: Lost braces in \itemize; \value handles \item{}{} directly checkRd: (-1) VonLuxburgSC.Rd:21: Lost braces in \itemize; \value handles \item{}{} directly checkRd: (-1) VonLuxburgSC.Rd:22: Lost braces in \itemize; \value handles \item{}{} directly checkRd: (-1) VonLuxburgSC.Rd:23: Lost braces in \itemize; \value handles \item{}{} directly checkRd: (-1) compute.laplacian.NJW.Rd:17: Lost braces in \itemize; \value handles \item{}{} directly checkRd: (-1) compute.laplacian.NJW.Rd:18: Lost braces in \itemize; \value handles \item{}{} directly checkRd: (-1) compute.laplacian.NJW.Rd:19: Lost braces in \itemize; \value handles \item{}{} directly checkRd: (-1) fastClustering.Rd:35: Lost braces in \itemize; \value handles \item{}{} directly checkRd: (-1) fastClustering.Rd:36: Lost braces in \itemize; \value handles \item{}{} directly checkRd: (-1) fastClustering.Rd:37: Lost braces in \itemize; \value handles \item{}{} directly checkRd: (-1) fastClustering.Rd:38: Lost braces in \itemize; \value handles \item{}{} directly checkRd: (-1) fastClustering.Rd:39: Lost braces in \itemize; \value handles \item{}{} directly checkRd: (-1) recursClust.Rd:53: Lost braces in \itemize; \value handles \item{}{} directly checkRd: (-1) recursClust.Rd:54: Lost braces in \itemize; \value handles \item{}{} directly checkRd: (-1) recursClust.Rd:55: Lost braces in \itemize; \value handles \item{}{} directly checkRd: (-1) spectralPAM.Rd:21: Lost braces in \itemize; \value handles \item{}{} directly checkRd: (-1) spectralPAM.Rd:22: Lost braces in \itemize; \value handles \item{}{} directly checkRd: (-1) spectralPAM.Rd:23: Lost braces in \itemize; \value handles \item{}{} directly Flavors: r-devel-linux-x86_64-debian-clang, r-devel-linux-x86_64-debian-gcc, r-devel-linux-x86_64-fedora-clang, r-devel-linux-x86_64-fedora-gcc, r-devel-windows-x86_64, r-patched-linux-x86_64, r-release-linux-x86_64, r-release-macos-arm64, r-release-windows-x86_64