Last updated on 2023-02-08 07:54:42 CET.
Flavor | Version | Tinstall | Tcheck | Ttotal | Status | Flags |
---|---|---|---|---|---|---|
r-devel-linux-x86_64-debian-clang | 2.0.9 | 533.48 | 33.41 | 566.89 | NOTE | |
r-devel-linux-x86_64-debian-gcc | 2.0.9 | 526.45 | 107.99 | 634.44 | NOTE | |
r-devel-linux-x86_64-fedora-clang | 2.0.9 | 772.80 | NOTE | |||
r-devel-linux-x86_64-fedora-gcc | 2.0.9 | 1099.95 | NOTE | |||
r-devel-windows-x86_64 | 2.0.9 | 422.00 | 120.00 | 542.00 | NOTE | |
r-patched-linux-x86_64 | 2.0.9 | 581.60 | 113.70 | 695.30 | OK | |
r-release-linux-x86_64 | 2.0.9 | 588.40 | 111.86 | 700.26 | OK | |
r-release-macos-arm64 | 2.0.9 | 178.00 | NOTE | |||
r-release-macos-x86_64 | 2.0.9 | 221.00 | NOTE | |||
r-release-windows-x86_64 | 2.0.9 | 411.00 | 117.00 | 528.00 | OK | |
r-oldrel-macos-arm64 | 2.0.9 | 169.00 | NOTE | |||
r-oldrel-macos-x86_64 | 2.0.9 | 224.00 | NOTE | |||
r-oldrel-windows-ix86+x86_64 | 2.0.9 | 1524.00 | 139.00 | 1663.00 | OK |
Version: 2.0.9
Check: C++ specification
Result: NOTE
Specified C++14: please update to current default of C++17
Flavors: r-devel-linux-x86_64-debian-clang, r-devel-windows-x86_64
Version: 2.0.9
Check: C++ specification
Result: NOTE
Specified C++14: please drop specification unless essential
Flavors: r-devel-linux-x86_64-debian-gcc, r-devel-linux-x86_64-fedora-clang, r-devel-linux-x86_64-fedora-gcc
Version: 2.0.9
Check: installed package size
Result: NOTE
installed size is 15.9Mb
sub-directories of 1Mb or more:
libs 15.7Mb
Flavors: r-release-macos-arm64, r-release-macos-x86_64, r-oldrel-macos-arm64, r-oldrel-macos-x86_64