Last updated on 2023-09-28 08:02:01 CEST.
Flavor | Version | Tinstall | Tcheck | Ttotal | Status | Flags |
---|---|---|---|---|---|---|
r-devel-linux-x86_64-debian-clang | 1.3-6 | 10.53 | 120.95 | 131.48 | NOTE | |
r-devel-linux-x86_64-debian-gcc | 1.3-6 | 5.92 | 92.16 | 98.08 | NOTE | |
r-devel-linux-x86_64-fedora-clang | 1.3-6 | 160.93 | NOTE | |||
r-devel-linux-x86_64-fedora-gcc | 1.3-6 | 179.28 | NOTE | |||
r-devel-windows-x86_64 | 1.3-6 | 11.00 | 173.00 | 184.00 | NOTE | |
r-patched-linux-x86_64 | 1.3-6 | 6.97 | 119.63 | 126.60 | NOTE | |
r-release-linux-x86_64 | 1.3-6 | 10.42 | 118.46 | 128.88 | NOTE | |
r-release-macos-arm64 | 1.3-6 | 85.00 | NOTE | |||
r-release-macos-x86_64 | 1.3-6 | 126.00 | NOTE | |||
r-release-windows-x86_64 | 1.3-6 | 15.00 | 188.00 | 203.00 | NOTE | |
r-oldrel-macos-arm64 | 1.3-6 | 66.00 | OK | |||
r-oldrel-macos-x86_64 | 1.3-6 | 124.00 | OK | |||
r-oldrel-windows-x86_64 | 1.3-6 | 15.00 | 181.00 | 196.00 | OK |
Version: 1.3-6
Check: Rd files
Result: NOTE
checkRd: (-1) mapBubbles.Rd:62: Escaped LaTeX specials: \$
Flavors: r-devel-linux-x86_64-debian-clang, r-devel-linux-x86_64-debian-gcc, r-devel-linux-x86_64-fedora-clang, r-devel-linux-x86_64-fedora-gcc, r-devel-windows-x86_64, r-patched-linux-x86_64, r-release-linux-x86_64, r-release-macos-arm64, r-release-macos-x86_64, r-release-windows-x86_64