CRAN Package Check Results for Package rwhatsapp

Last updated on 2024-02-26 08:48:56 CET.

Flavor Version Tinstall Tcheck Ttotal Status Flags
r-devel-linux-x86_64-debian-clang 0.2.4 5.03 44.91 49.94 OK
r-devel-linux-x86_64-debian-gcc 0.2.4 3.58 33.78 37.36 OK
r-devel-linux-x86_64-fedora-clang 0.2.4 61.40 NOTE
r-devel-linux-x86_64-fedora-gcc 0.2.4 69.26 NOTE
r-devel-windows-x86_64 0.2.4 6.00 56.00 62.00 OK
r-patched-linux-x86_64 0.2.4 4.33 43.24 47.57 OK
r-release-linux-x86_64 0.2.4 3.77 43.20 46.97 OK
r-release-macos-arm64 0.2.4 32.00 OK
r-release-macos-x86_64 0.2.4 45.00 OK
r-release-windows-x86_64 0.2.4 6.00 58.00 64.00 OK
r-oldrel-macos-arm64 0.2.4 23.00 NOTE
r-oldrel-windows-x86_64 0.2.4 6.00 63.00 69.00 OK

Check Details

Version: 0.2.4
Check: data for non-ASCII characters
Result: NOTE Note: found 4250 marked UTF-8 strings Flavors: r-devel-linux-x86_64-fedora-clang, r-devel-linux-x86_64-fedora-gcc, r-oldrel-macos-arm64