CRAN Package Check Results for Package rwc

Last updated on 2023-12-09 08:49:56 CET.

Flavor Version Tinstall Tcheck Ttotal Status Flags
r-devel-linux-x86_64-debian-clang 1.11 37.86 302.43 340.29 NOTE
r-devel-linux-x86_64-debian-gcc 1.11 29.70 226.88 256.58 NOTE
r-devel-linux-x86_64-fedora-clang 1.11 425.44 OK
r-devel-linux-x86_64-fedora-gcc 1.11 406.91 OK
r-devel-windows-x86_64 1.11 26.00 189.00 215.00 OK
r-patched-linux-x86_64 1.11 31.52 295.47 326.99 OK
r-release-linux-x86_64 1.11 37.80 291.44 329.24 OK
r-release-macos-arm64 1.11 100.00 OK
r-release-macos-x86_64 1.11 184.00 OK
r-release-windows-x86_64 1.11 36.00 256.00 292.00 OK
r-oldrel-macos-arm64 1.11 76.00 OK
r-oldrel-macos-x86_64 1.11 112.00 OK
r-oldrel-windows-x86_64 1.11 37.00 253.00 290.00 OK

Check Details

Version: 1.11
Check: Rd files
Result: NOTE checkRd: (-1) dGenWish.Rd:48: Lost braces 48 | -df/2*log|L(2*Sigma)L'| -1/2*tr{ (L(2*Sigma)L')^-1 L(-D)L' } | ^ checkRd: (-1) get.Q.Rd:9: Lost braces 9 | equal to exp{b1*x_1ij + ... + bp*x_pij}, where beta=(b1,b2,...,bp) is | ^ checkRd: (-1) get.Q.Rd:10: Lost braces; missing escapes or markup? 10 | a vector of log-conductance values of the covariates {x_kij}. Each | ^ checkRd: (-1) mcmc.wish.icar.Rd:73: Lost braces; missing escapes or markup? 73 | a vector of log-conductance values of the covariates {x_kij}. Each | ^ Flavors: r-devel-linux-x86_64-debian-clang, r-devel-linux-x86_64-debian-gcc