CRAN Package Check Results for Package rvinecopulib

Last updated on 2024-07-18 07:50:58 CEST.

Flavor Version Tinstall Tcheck Ttotal Status Flags
r-devel-linux-x86_64-debian-clang 0.6.3.1.1 156.42 83.42 239.84 OK
r-devel-linux-x86_64-debian-gcc 0.6.3.1.1 115.53 64.90 180.43 OK
r-devel-linux-x86_64-fedora-clang 0.6.3.1.1 296.03 NOTE
r-devel-linux-x86_64-fedora-gcc 0.6.3.1.1 388.64 OK
r-devel-windows-x86_64 0.6.3.1.1 118.00 123.00 241.00 NOTE
r-patched-linux-x86_64 0.6.3.1.1 156.13 85.50 241.63 OK
r-release-linux-x86_64 0.6.3.1.1 161.20 85.02 246.22 OK
r-release-macos-arm64 0.6.3.1.1 83.00 NOTE
r-release-macos-x86_64 0.6.3.1.1 129.00 NOTE
r-release-windows-x86_64 0.6.3.1.1 117.00 128.00 245.00 NOTE
r-oldrel-macos-arm64 0.6.3.1.1 101.00 NOTE
r-oldrel-macos-x86_64 0.6.3.1.1 154.00 NOTE
r-oldrel-windows-x86_64 0.6.3.1.1 151.00 141.00 292.00 NOTE

Check Details

Version: 0.6.3.1.1
Check: installed package size
Result: NOTE installed size is 10.4Mb sub-directories of 1Mb or more: include 5.0Mb libs 5.0Mb Flavors: r-devel-linux-x86_64-fedora-clang, r-devel-windows-x86_64, r-release-macos-arm64, r-release-macos-x86_64, r-release-windows-x86_64, r-oldrel-macos-arm64, r-oldrel-macos-x86_64, r-oldrel-windows-x86_64

Version: 0.6.3.1.1
Check: Rd cross-references
Result: NOTE Undeclared package ‘wdm’ in Rd xrefs Flavor: r-devel-linux-x86_64-fedora-clang

Version: 0.6.3.1.1
Check: Rd cross-references
Result: NOTE Found the following Rd file(s) with Rd \link{} targets missing package anchors: plot.bicop_dist.Rd: wireframe Please provide package anchors for all Rd \link{} targets not in the package itself and the base packages. Flavor: r-devel-windows-x86_64