Last updated on 2025-06-22 09:49:48 CEST.
Flavor | Version | Tinstall | Tcheck | Ttotal | Status | Flags |
---|---|---|---|---|---|---|
r-devel-linux-x86_64-debian-clang | 0.7.3.1.0 | 123.75 | 72.06 | 195.81 | OK | |
r-devel-linux-x86_64-debian-gcc | 0.7.3.1.0 | 106.60 | 59.32 | 165.92 | OK | |
r-devel-linux-x86_64-fedora-clang | 0.7.3.1.0 | 306.73 | OK | |||
r-devel-linux-x86_64-fedora-gcc | 0.7.3.1.0 | 413.42 | OK | |||
r-devel-windows-x86_64 | 0.7.3.1.0 | 135.00 | 152.00 | 287.00 | OK | |
r-patched-linux-x86_64 | 0.7.3.1.0 | 147.57 | 77.02 | 224.59 | OK | |
r-release-linux-x86_64 | 0.7.3.1.0 | 144.25 | 77.01 | 221.26 | OK | |
r-release-macos-arm64 | 0.7.3.1.0 | 99.00 | OK | |||
r-release-macos-x86_64 | 0.7.3.1.0 | 198.00 | OK | |||
r-release-windows-x86_64 | 0.7.3.1.0 | 134.00 | 147.00 | 281.00 | OK | |
r-oldrel-macos-arm64 | 0.7.3.1.0 | 91.00 | NOTE | |||
r-oldrel-macos-x86_64 | 0.7.3.1.0 | 196.00 | NOTE | |||
r-oldrel-windows-x86_64 | 0.7.3.1.0 | 159.00 | 168.00 | 327.00 | NOTE |
Version: 0.7.3.1.0
Check: installed package size
Result: NOTE
installed size is 65.4Mb
sub-directories of 1Mb or more:
include 5.1Mb
libs 59.9Mb
Flavors: r-oldrel-macos-arm64, r-oldrel-macos-x86_64, r-oldrel-windows-x86_64