Last updated on 2023-01-30 09:54:24 CET.
Flavor | Version | Tinstall | Tcheck | Ttotal | Status | Flags |
---|---|---|---|---|---|---|
r-devel-linux-x86_64-debian-clang | 0.3.2 | 124.01 | 53.40 | 177.41 | OK | |
r-devel-linux-x86_64-debian-gcc | 0.3.2 | 88.69 | 42.59 | 131.28 | NOTE | |
r-devel-linux-x86_64-fedora-clang | 0.3.2 | 293.23 | NOTE | |||
r-devel-linux-x86_64-fedora-gcc | 0.3.2 | 216.65 | NOTE | |||
r-devel-windows-x86_64 | 0.3.2 | 106.00 | 107.00 | 213.00 | NOTE | |
r-patched-linux-x86_64 | 0.3.2 | 96.56 | 56.38 | 152.94 | OK | |
r-release-linux-x86_64 | 0.3.2 | 84.80 | 55.71 | 140.51 | OK | |
r-release-macos-arm64 | 0.3.2 | 59.00 | OK | |||
r-release-macos-x86_64 | 0.3.2 | 82.00 | OK | |||
r-release-windows-x86_64 | 0.3.2 | 99.00 | 118.00 | 217.00 | OK | |
r-oldrel-macos-arm64 | 0.3.2 | 68.00 | OK | |||
r-oldrel-macos-x86_64 | 0.3.2 | 85.00 | OK | |||
r-oldrel-windows-ix86+x86_64 | 0.3.2 | 293.00 | 118.00 | 411.00 | OK |
Version: 0.3.2
Check: C++ specification
Result: NOTE
Specified C++11: please update to current default of C++17
Flavors: r-devel-linux-x86_64-debian-gcc, r-devel-linux-x86_64-fedora-clang, r-devel-linux-x86_64-fedora-gcc, r-devel-windows-x86_64