Last updated on 2023-11-28 07:53:16 CET.
Flavor | Version | Tinstall | Tcheck | Ttotal | Status | Flags |
---|---|---|---|---|---|---|
r-devel-linux-x86_64-debian-clang | 1.4.1 | 59.02 | 270.28 | 329.30 | OK | |
r-devel-linux-x86_64-debian-gcc | 1.4.1 | 45.90 | 182.18 | 228.08 | OK | |
r-devel-linux-x86_64-fedora-clang | 1.4.1 | 410.42 | WARN | |||
r-devel-linux-x86_64-fedora-gcc | 1.4.1 | 418.46 | OK | |||
r-devel-windows-x86_64 | 1.4.1 | 46.00 | 203.00 | 249.00 | OK | |
r-patched-linux-x86_64 | 1.4.1 | 49.30 | 255.73 | 305.03 | OK | |
r-release-linux-x86_64 | 1.4.1 | 50.90 | 256.28 | 307.18 | OK | |
r-release-macos-arm64 | 1.4.1 | 115.00 | OK | |||
r-release-macos-x86_64 | 1.4.1 | 291.00 | OK | |||
r-release-windows-x86_64 | 1.4.1 | 58.00 | 264.00 | 322.00 | OK | |
r-oldrel-macos-arm64 | 1.4.1 | 110.00 | OK | |||
r-oldrel-macos-x86_64 | 1.4.1 | 159.00 | OK | |||
r-oldrel-windows-x86_64 | 1.4.1 | 56.00 | 261.00 | 317.00 | OK |
Version: 1.4.1
Check: whether package can be installed
Result: WARN
Found the following significant warnings:
RcppExports.cpp:46:18: warning: format string is not a string literal (potentially insecure) [-Wformat-security]
RcppExports.cpp:80:18: warning: format string is not a string literal (potentially insecure) [-Wformat-security]
RcppExports.cpp:114:18: warning: format string is not a string literal (potentially insecure) [-Wformat-security]
RcppExports.cpp:148:18: warning: format string is not a string literal (potentially insecure) [-Wformat-security]
RcppExports.cpp:182:18: warning: format string is not a string literal (potentially insecure) [-Wformat-security]
RcppExports.cpp:216:18: warning: format string is not a string literal (potentially insecure) [-Wformat-security]
RcppExports.cpp:250:18: warning: format string is not a string literal (potentially insecure) [-Wformat-security]
RcppExports.cpp:284:18: warning: format string is not a string literal (potentially insecure) [-Wformat-security]
RcppExports.cpp:318:18: warning: format string is not a string literal (potentially insecure) [-Wformat-security]
RcppExports.cpp:353:18: warning: format string is not a string literal (potentially insecure) [-Wformat-security]
RcppExports.cpp:389:18: warning: format string is not a string literal (potentially insecure) [-Wformat-security]
RcppExports.cpp:426:18: warning: format string is not a string literal (potentially insecure) [-Wformat-security]
RcppExports.cpp:463:18: warning: format string is not a string literal (potentially insecure) [-Wformat-security]
RcppExports.cpp:499:18: warning: format string is not a string literal (potentially insecure) [-Wformat-security]
RcppExports.cpp:535:18: warning: format string is not a string literal (potentially insecure) [-Wformat-security]
RcppExports.cpp:574:18: warning: format string is not a string literal (potentially insecure) [-Wformat-security]
RcppExports.cpp:610:18: warning: format string is not a string literal (potentially insecure) [-Wformat-security]
RcppExports.cpp:654:18: warning: format string is not a string literal (potentially insecure) [-Wformat-security]
RcppExports.cpp:692:18: warning: format string is not a string literal (potentially insecure) [-Wformat-security]
RcppExports.cpp:736:18: warning: format string is not a string literal (potentially insecure) [-Wformat-security]
RcppExports.cpp:776:18: warning: format string is not a string literal (potentially insecure) [-Wformat-security]
RcppExports.cpp:820:18: warning: format string is not a string literal (potentially insecure) [-Wformat-security]
RcppExports.cpp:859:18: warning: format string is not a string literal (potentially insecure) [-Wformat-security]
RcppExports.cpp:903:18: warning: format string is not a string literal (potentially insecure) [-Wformat-security]
RcppExports.cpp:945:18: warning: format string is not a string literal (potentially insecure) [-Wformat-security]
RcppExports.cpp:993:18: warning: format string is not a string literal (potentially insecure) [-Wformat-security]
RcppExports.cpp:1036:18: warning: format string is not a string literal (potentially insecure) [-Wformat-security]
RcppExports.cpp:1085:18: warning: format string is not a string literal (potentially insecure) [-Wformat-security]
RcppExports.cpp:1128:18: warning: format string is not a string literal (potentially insecure) [-Wformat-security]
RcppExports.cpp:1177:18: warning: format string is not a string literal (potentially insecure) [-Wformat-security]
RcppExports.cpp:1221:18: warning: format string is not a string literal (potentially insecure) [-Wformat-security]
RcppExports.cpp:1270:18: warning: format string is not a string literal (potentially insecure) [-Wformat-security]
RcppExports.cpp:1319:18: warning: format string is not a string literal (potentially insecure) [-Wformat-security]
RcppExports.cpp:1368:18: warning: format string is not a string literal (potentially insecure) [-Wformat-security]
RcppExports.cpp:1402:18: warning: format string is not a string literal (potentially insecure) [-Wformat-security]
RcppExports.cpp:1439:18: warning: format string is not a string literal (potentially insecure) [-Wformat-security]
RcppExports.cpp:1473:18: warning: format string is not a string literal (potentially insecure) [-Wformat-security]
RcppExports.cpp:1508:18: warning: format string is not a string literal (potentially insecure) [-Wformat-security]
RcppExports.cpp:1542:18: warning: format string is not a string literal (potentially insecure) [-Wformat-security]
RcppExports.cpp:1577:18: warning: format string is not a string literal (potentially insecure) [-Wformat-security]
RcppExports.cpp:1611:18: warning: format string is not a string literal (potentially insecure) [-Wformat-security]
RcppExports.cpp:1646:18: warning: format string is not a string literal (potentially insecure) [-Wformat-security]
RcppExports.cpp:1681:18: warning: format string is not a string literal (potentially insecure) [-Wformat-security]
RcppExports.cpp:1716:18: warning: format string is not a string literal (potentially insecure) [-Wformat-security]
RcppExports.cpp:1751:18: warning: format string is not a string literal (potentially insecure) [-Wformat-security]
RcppExports.cpp:1786:18: warning: format string is not a string literal (potentially insecure) [-Wformat-security]
RcppExports.cpp:1821:18: warning: format string is not a string literal (potentially insecure) [-Wformat-security]
RcppExports.cpp:1856:18: warning: format string is not a string literal (potentially insecure) [-Wformat-security]
RcppExports.cpp:1891:18: warning: format string is not a string literal (potentially insecure) [-Wformat-security]
RcppExports.cpp:1926:18: warning: format string is not a string literal (potentially insecure) [-Wformat-security]
RcppExports.cpp:1961:18: warning: format string is not a string literal (potentially insecure) [-Wformat-security]
RcppExports.cpp:1995:18: warning: format string is not a string literal (potentially insecure) [-Wformat-security]
RcppExports.cpp:2030:18: warning: format string is not a string literal (potentially insecure) [-Wformat-security]
RcppExports.cpp:2065:18: warning: format string is not a string literal (potentially insecure) [-Wformat-security]
RcppExports.cpp:2099:18: warning: format string is not a string literal (potentially insecure) [-Wformat-security]
RcppExports.cpp:2134:18: warning: format string is not a string literal (potentially insecure) [-Wformat-security]
RcppExports.cpp:2169:18: warning: format string is not a string literal (potentially insecure) [-Wformat-security]
RcppExports.cpp:2204:18: warning: format string is not a string literal (potentially insecure) [-Wformat-security]
RcppExports.cpp:2239:18: warning: format string is not a string literal (potentially insecure) [-Wformat-security]
RcppExports.cpp:2273:18: warning: format string is not a string literal (potentially insecure) [-Wformat-security]
See ‘/data/gannet/ripley/R/packages/tests-clang/rust.Rcheck/00install.out’ for details.
* used C++ compiler: ‘clang version 17.0.5’
Flavor: r-devel-linux-x86_64-fedora-clang