CRAN Package Check Results for Package rust

Last updated on 2023-02-08 07:54:42 CET.

Flavor Version Tinstall Tcheck Ttotal Status Flags
r-devel-linux-x86_64-debian-clang 1.4.0 57.57 276.57 334.14 NOTE
r-devel-linux-x86_64-debian-gcc 1.4.0 44.15 187.36 231.51 NOTE
r-devel-linux-x86_64-fedora-clang 1.4.0 415.30 NOTE
r-devel-linux-x86_64-fedora-gcc 1.4.0 423.19 NOTE
r-devel-windows-x86_64 1.4.0 63.00 301.00 364.00 NOTE
r-patched-linux-x86_64 1.4.0 48.42 249.63 298.05 OK
r-release-linux-x86_64 1.4.0 51.06 252.48 303.54 OK
r-release-macos-arm64 1.4.0 106.00 OK
r-release-macos-x86_64 1.4.0 122.00 OK
r-release-windows-x86_64 1.4.0 63.00 312.00 375.00 OK
r-oldrel-macos-arm64 1.4.0 105.00 OK
r-oldrel-macos-x86_64 1.4.0 128.00 OK
r-oldrel-windows-ix86+x86_64 1.4.0 134.00 336.00 470.00 OK

Check Details

Version: 1.4.0
Check: C++ specification
Result: NOTE
     Specified C++11: please update to current default of C++17
Flavors: r-devel-linux-x86_64-debian-clang, r-devel-windows-x86_64

Version: 1.4.0
Check: C++ specification
Result: NOTE
     Specified C++11: please drop specification unless essential
Flavors: r-devel-linux-x86_64-debian-gcc, r-devel-linux-x86_64-fedora-clang, r-devel-linux-x86_64-fedora-gcc