CRAN Package Check Results for Package rusk

Last updated on 2023-01-30 09:54:24 CET.

Flavor Version Tinstall Tcheck Ttotal Status Flags
r-devel-linux-x86_64-debian-clang 0.1.1 7.65 59.23 66.88 NOTE
r-devel-linux-x86_64-debian-gcc 0.1.1 4.76 44.14 48.90 NOTE
r-devel-linux-x86_64-fedora-clang 0.1.1 83.29 NOTE
r-devel-linux-x86_64-fedora-gcc 0.1.1 78.28 NOTE
r-devel-windows-x86_64 0.1.1 19.00 86.00 105.00 NOTE
r-patched-linux-x86_64 0.1.1 4.30 57.72 62.02 NOTE
r-release-linux-x86_64 0.1.1 4.56 58.53 63.09 NOTE
r-release-macos-arm64 0.1.1 25.00 NOTE
r-release-macos-x86_64 0.1.1 47.00 NOTE
r-release-windows-x86_64 0.1.1 14.00 92.00 106.00 NOTE
r-oldrel-macos-arm64 0.1.1 31.00 NOTE
r-oldrel-macos-x86_64 0.1.1 43.00 NOTE
r-oldrel-windows-ix86+x86_64 0.1.1 17.00 87.00 104.00 NOTE

Check Details

Version: 0.1.1
Check: LazyData
Result: NOTE
     'LazyData' is specified without a 'data' directory
Flavors: r-devel-linux-x86_64-debian-clang, r-devel-linux-x86_64-debian-gcc, r-devel-linux-x86_64-fedora-clang, r-devel-linux-x86_64-fedora-gcc, r-devel-windows-x86_64, r-patched-linux-x86_64, r-release-linux-x86_64, r-release-macos-arm64, r-release-macos-x86_64, r-release-windows-x86_64, r-oldrel-macos-arm64, r-oldrel-macos-x86_64, r-oldrel-windows-ix86+x86_64