Last updated on 2023-02-05 07:57:35 CET.
Flavor | Version | Tinstall | Tcheck | Ttotal | Status | Flags |
---|---|---|---|---|---|---|
r-devel-linux-x86_64-debian-clang | 0.1.4 | 28.63 | 179.74 | 208.37 | NOTE | |
r-devel-linux-x86_64-debian-gcc | 0.1.4 | 18.89 | 122.87 | 141.76 | NOTE | |
r-devel-linux-x86_64-fedora-clang | 0.1.4 | 265.87 | NOTE | |||
r-devel-linux-x86_64-fedora-gcc | 0.1.4 | 252.82 | NOTE | |||
r-devel-windows-x86_64 | 0.1.4 | 36.00 | 245.00 | 281.00 | NOTE | |
r-patched-linux-x86_64 | 0.1.4 | 22.33 | 161.48 | 183.81 | OK | |
r-release-linux-x86_64 | 0.1.4 | 22.84 | 167.90 | 190.74 | OK | |
r-release-macos-arm64 | 0.1.4 | 58.00 | OK | |||
r-release-macos-x86_64 | 0.1.4 | 89.00 | OK | |||
r-release-windows-x86_64 | 0.1.4 | 44.00 | 258.00 | 302.00 | OK | |
r-oldrel-macos-arm64 | 0.1.4 | 73.00 | OK | |||
r-oldrel-macos-x86_64 | 0.1.4 | 132.00 | OK | |||
r-oldrel-windows-ix86+x86_64 | 0.1.4 | 67.00 | 242.00 | 309.00 | OK |
Version: 0.1.4
Check: C++ specification
Result: NOTE
Specified C++11: please update to current default of C++17
Flavors: r-devel-linux-x86_64-debian-clang, r-devel-linux-x86_64-debian-gcc, r-devel-linux-x86_64-fedora-clang, r-devel-linux-x86_64-fedora-gcc, r-devel-windows-x86_64