CRAN Package Check Results for Package rubias

Last updated on 2023-01-28 08:00:46 CET.

Flavor Version Tinstall Tcheck Ttotal Status Flags
r-devel-linux-x86_64-debian-clang 0.3.3 106.88 241.26 348.14 NOTE
r-devel-linux-x86_64-debian-gcc 0.3.3 79.72 178.37 258.09 NOTE
r-devel-linux-x86_64-fedora-clang 0.3.3 478.73 NOTE
r-devel-linux-x86_64-fedora-gcc 0.3.3 471.48 NOTE
r-patched-linux-x86_64 0.3.3 75.74 232.61 308.35 NOTE
r-release-linux-x86_64 0.3.3 60.97 228.82 289.79 NOTE
r-release-macos-arm64 0.3.3 111.00 NOTE
r-release-macos-x86_64 0.3.3 199.00 NOTE
r-release-windows-x86_64 0.3.3 112.00 302.00 414.00 NOTE
r-oldrel-macos-arm64 0.3.3 100.00 NOTE
r-oldrel-macos-x86_64 0.3.3 150.00 NOTE
r-oldrel-windows-ix86+x86_64 0.3.3 244.00 340.00 584.00 NOTE

Check Details

Version: 0.3.3
Check: for GNU extensions in Makefiles
Result: NOTE
    GNU make is a SystemRequirements.
Flavors: r-devel-linux-x86_64-debian-clang, r-devel-linux-x86_64-debian-gcc, r-devel-linux-x86_64-fedora-clang, r-devel-linux-x86_64-fedora-gcc, r-patched-linux-x86_64, r-release-linux-x86_64, r-release-macos-arm64, r-release-macos-x86_64, r-release-windows-x86_64, r-oldrel-macos-arm64, r-oldrel-macos-x86_64, r-oldrel-windows-ix86+x86_64

Version: 0.3.3
Check: C++ specification
Result: NOTE
     Specified C++11: please update to current default of C++17
Flavors: r-devel-linux-x86_64-debian-gcc, r-devel-linux-x86_64-fedora-clang, r-devel-linux-x86_64-fedora-gcc

Version: 0.3.3
Check: installed package size
Result: NOTE
     installed size is 5.2Mb
     sub-directories of 1Mb or more:
     libs 3.5Mb
Flavor: r-oldrel-macos-arm64