CRAN Package Check Results for Package rtrek

Last updated on 2024-02-26 08:48:56 CET.

Flavor Version Tinstall Tcheck Ttotal Status Flags
r-devel-linux-x86_64-debian-clang 0.4.0 8.11 56.41 64.52 OK
r-devel-linux-x86_64-debian-gcc 0.4.0 6.32 41.94 48.26 OK
r-devel-linux-x86_64-fedora-clang 0.4.0 81.55 NOTE
r-devel-linux-x86_64-fedora-gcc 0.4.0 90.65 NOTE
r-devel-windows-x86_64 0.4.0 8.00 66.00 74.00 OK
r-patched-linux-x86_64 0.4.0 4.81 53.27 58.08 OK
r-release-linux-x86_64 0.4.0 4.87 54.75 59.62 OK
r-release-macos-arm64 0.4.0 38.00 OK
r-release-macos-x86_64 0.4.0 69.00 OK
r-release-windows-x86_64 0.4.0 10.00 73.00 83.00 OK
r-oldrel-macos-arm64 0.4.0 44.00 OK
r-oldrel-windows-x86_64 0.4.0 10.00 72.00 82.00 OK

Check Details

Version: 0.4.0
Check: data for non-ASCII characters
Result: NOTE Note: found 37 marked UTF-8 strings Flavors: r-devel-linux-x86_64-fedora-clang, r-devel-linux-x86_64-fedora-gcc