Last updated on 2023-04-02 07:55:27 CEST.
Flavor | Version | Tinstall | Tcheck | Ttotal | Status | Flags |
---|---|---|---|---|---|---|
r-devel-linux-x86_64-debian-clang | 0.3.0 | 4.05 | 69.37 | 73.42 | OK | |
r-devel-linux-x86_64-debian-gcc | 0.3.0 | 2.78 | 50.88 | 53.66 | OK | |
r-devel-linux-x86_64-fedora-clang | 0.3.0 | 89.60 | OK | |||
r-devel-linux-x86_64-fedora-gcc | 0.3.0 | 102.97 | OK | |||
r-patched-linux-x86_64 | 0.3.0 | 4.05 | 64.85 | 68.90 | OK | |
r-release-linux-x86_64 | 0.3.0 | 4.03 | 65.36 | 69.39 | OK | |
r-release-macos-arm64 | 0.3.0 | 39.00 | OK | |||
r-release-macos-x86_64 | 0.3.0 | 52.00 | OK | |||
r-release-windows-x86_64 | 0.3.0 | 77.00 | 129.00 | 206.00 | OK | |
r-oldrel-macos-arm64 | 0.3.0 | 44.00 | OK | |||
r-oldrel-macos-x86_64 | 0.3.0 | 57.00 | OK | |||
r-oldrel-windows-ix86+x86_64 | 0.3.0 | 8.00 | 102.00 | 110.00 | NOTE |
Version: 0.3.0
Check: dependencies in R code
Result: NOTE
Initiating curl with CURL_SSL_BACKEND: openssl
Flavor: r-oldrel-windows-ix86+x86_64