CRAN Package Check Results for Package rties

Last updated on 2023-01-30 09:54:24 CET.

Flavor Version Tinstall Tcheck Ttotal Status Flags
r-devel-linux-x86_64-debian-clang 5.0.0 8.94 237.83 246.77 OK
r-devel-linux-x86_64-debian-gcc 5.0.0 7.50 169.58 177.08 OK
r-devel-linux-x86_64-fedora-clang 5.0.0 300.22 NOTE
r-devel-linux-x86_64-fedora-gcc 5.0.0 307.82 NOTE
r-devel-windows-x86_64 5.0.0 30.00 287.00 317.00 OK
r-patched-linux-x86_64 5.0.0 11.89 217.09 228.98 OK
r-release-linux-x86_64 5.0.0 8.51 214.16 222.67 OK
r-release-macos-arm64 5.0.0 85.00 NOTE
r-release-macos-x86_64 5.0.0 140.00 NOTE
r-release-windows-x86_64 5.0.0 36.00 281.00 317.00 OK
r-oldrel-macos-arm64 5.0.0 117.00 NOTE
r-oldrel-macos-x86_64 5.0.0 153.00 NOTE
r-oldrel-windows-ix86+x86_64 5.0.0 22.00 266.00 288.00 OK

Check Details

Version: 5.0.0
Check: dependencies in R code
Result: NOTE
    Namespaces in Imports field not imported from:
     ‘DescTools’ ‘MASS’ ‘gridExtra’
     All declared Imports should be used.
Flavors: r-devel-linux-x86_64-fedora-clang, r-devel-linux-x86_64-fedora-gcc, r-release-macos-arm64, r-release-macos-x86_64, r-oldrel-macos-arm64, r-oldrel-macos-x86_64