Last updated on 2023-09-30 08:00:40 CEST.
Flavor | Version | Tinstall | Tcheck | Ttotal | Status | Flags |
---|---|---|---|---|---|---|
r-devel-linux-x86_64-debian-clang | 0.4-14.1 | 2.71 | 49.18 | 51.89 | NOTE | |
r-devel-linux-x86_64-debian-gcc | 0.4-14.1 | 2.09 | 37.99 | 40.08 | NOTE | |
r-devel-linux-x86_64-fedora-clang | 0.4-14.1 | 66.08 | NOTE | |||
r-devel-linux-x86_64-fedora-gcc | 0.4-14.1 | 76.31 | NOTE | |||
r-devel-windows-x86_64 | 0.4-14.1 | 4.00 | 75.00 | 79.00 | OK | |
r-patched-linux-x86_64 | 0.4-14.1 | 3.31 | 47.80 | 51.11 | NOTE | |
r-release-linux-x86_64 | 0.4-14.1 | 3.17 | 48.60 | 51.77 | NOTE | |
r-release-macos-arm64 | 0.4-14.1 | 33.00 | OK | |||
r-release-macos-x86_64 | 0.4-14.1 | 56.00 | OK | |||
r-release-windows-x86_64 | 0.4-14.1 | 3.00 | 72.00 | 75.00 | OK | |
r-oldrel-macos-arm64 | 0.4-14.1 | 36.00 | OK | |||
r-oldrel-macos-x86_64 | 0.4-14.1 | 41.00 | OK | |||
r-oldrel-windows-x86_64 | 0.4-14.1 | 5.00 | 76.00 | 81.00 | OK |
Version: 0.4-14.1
Check: for non-standard things in the check directory
Result: NOTE
Found the following files/directories:
‘test_addPageBreak.doc’ ‘test_addPlot.doc’ ‘test_addSessionInfo.doc’
‘test_addTable.doc’
Flavors: r-devel-linux-x86_64-debian-clang, r-devel-linux-x86_64-debian-gcc, r-devel-linux-x86_64-fedora-clang, r-devel-linux-x86_64-fedora-gcc, r-patched-linux-x86_64, r-release-linux-x86_64