CRAN Package Check Results for Package rtemps

Last updated on 2023-02-03 06:50:32 CET.

Flavor Version Tinstall Tcheck Ttotal Status Flags
r-devel-linux-x86_64-debian-clang 0.8.0 1.65 22.16 23.81 NOTE
r-devel-linux-x86_64-debian-gcc 0.8.0 1.12 17.59 18.71 NOTE
r-devel-linux-x86_64-fedora-clang 0.8.0 32.38 NOTE
r-devel-linux-x86_64-fedora-gcc 0.8.0 31.13 NOTE
r-devel-windows-x86_64 0.8.0 44.00 59.00 103.00 NOTE
r-patched-linux-x86_64 0.8.0 1.79 21.95 23.74 NOTE
r-release-linux-x86_64 0.8.0 1.46 22.39 23.85 NOTE
r-release-macos-arm64 0.8.0 16.00 NOTE
r-release-macos-x86_64 0.8.0 27.00 NOTE
r-release-windows-x86_64 0.8.0 38.00 60.00 98.00 NOTE
r-oldrel-macos-arm64 0.8.0 20.00 NOTE
r-oldrel-macos-x86_64 0.8.0 23.00 NOTE
r-oldrel-windows-ix86+x86_64 0.8.0 7.00 46.00 53.00 NOTE

Check Details

Version: 0.8.0
Check: LazyData
Result: NOTE
     'LazyData' is specified without a 'data' directory
Flavors: r-devel-linux-x86_64-debian-clang, r-devel-linux-x86_64-debian-gcc, r-devel-linux-x86_64-fedora-clang, r-devel-linux-x86_64-fedora-gcc, r-devel-windows-x86_64, r-patched-linux-x86_64, r-release-linux-x86_64, r-release-macos-arm64, r-release-macos-x86_64, r-release-windows-x86_64, r-oldrel-macos-arm64, r-oldrel-macos-x86_64, r-oldrel-windows-ix86+x86_64