Last updated on 2023-12-03 08:50:21 CET.
Flavor | Version | Tinstall | Tcheck | Ttotal | Status | Flags |
---|---|---|---|---|---|---|
r-devel-linux-x86_64-debian-clang | 1.0.0 | 35.86 | 35.08 | 70.94 | NOTE | |
r-devel-linux-x86_64-debian-gcc | 1.0.0 | 25.68 | 27.00 | 52.68 | NOTE | |
r-devel-linux-x86_64-fedora-clang | 1.0.0 | 101.91 | NOTE | |||
r-devel-linux-x86_64-fedora-gcc | 1.0.0 | 116.13 | NOTE | |||
r-devel-windows-x86_64 | 1.0.0 | 29.00 | 72.00 | 101.00 | NOTE | |
r-patched-linux-x86_64 | 1.0.0 | 31.56 | 34.51 | 66.07 | NOTE | |
r-release-linux-x86_64 | 1.0.0 | 27.04 | 34.53 | 61.57 | NOTE | |
r-release-macos-arm64 | 1.0.0 | 34.00 | NOTE | |||
r-release-macos-x86_64 | 1.0.0 | 64.00 | NOTE | |||
r-release-windows-x86_64 | 1.0.0 | 38.00 | 76.00 | 114.00 | NOTE | |
r-oldrel-macos-arm64 | 1.0.0 | 33.00 | OK | |||
r-oldrel-macos-x86_64 | 1.0.0 | 40.00 | OK | |||
r-oldrel-windows-x86_64 | 1.0.0 | 36.00 | 76.00 | 112.00 | OK |
Version: 1.0.0
Check: C++ specification
Result: NOTE
Specified C++11: please drop specification unless essential
Flavors: r-devel-linux-x86_64-debian-clang, r-devel-linux-x86_64-debian-gcc, r-devel-linux-x86_64-fedora-clang, r-devel-linux-x86_64-fedora-gcc, r-devel-windows-x86_64, r-patched-linux-x86_64, r-release-linux-x86_64, r-release-macos-arm64, r-release-macos-x86_64, r-release-windows-x86_64