Last updated on 2023-02-07 07:54:13 CET.
Flavor | Version | Tinstall | Tcheck | Ttotal | Status | Flags |
---|---|---|---|---|---|---|
r-devel-linux-x86_64-debian-clang | 1.0.0 | 39.32 | 36.48 | 75.80 | NOTE | |
r-devel-linux-x86_64-debian-gcc | 1.0.0 | 27.61 | 27.70 | 55.31 | NOTE | |
r-devel-linux-x86_64-fedora-clang | 1.0.0 | 104.43 | NOTE | |||
r-devel-linux-x86_64-fedora-gcc | 1.0.0 | 109.72 | NOTE | |||
r-devel-windows-x86_64 | 1.0.0 | 37.00 | 92.00 | 129.00 | NOTE | |
r-patched-linux-x86_64 | 1.0.0 | 33.46 | 34.40 | 67.86 | OK | |
r-release-linux-x86_64 | 1.0.0 | 27.02 | 38.29 | 65.31 | OK | |
r-release-macos-arm64 | 1.0.0 | 31.00 | OK | |||
r-release-macos-x86_64 | 1.0.0 | 40.00 | OK | |||
r-release-windows-x86_64 | 1.0.0 | 42.00 | 97.00 | 139.00 | OK | |
r-oldrel-macos-arm64 | 1.0.0 | 32.00 | OK | |||
r-oldrel-macos-x86_64 | 1.0.0 | 43.00 | OK | |||
r-oldrel-windows-ix86+x86_64 | 1.0.0 | 86.00 | 97.00 | 183.00 | OK |
Version: 1.0.0
Check: C++ specification
Result: NOTE
Specified C++11: please update to current default of C++17
Flavors: r-devel-linux-x86_64-debian-clang, r-devel-linux-x86_64-debian-gcc, r-devel-linux-x86_64-fedora-clang, r-devel-linux-x86_64-fedora-gcc, r-devel-windows-x86_64