Last updated on 2023-10-03 08:05:02 CEST.
Flavor | Version | Tinstall | Tcheck | Ttotal | Status | Flags |
---|---|---|---|---|---|---|
r-devel-linux-x86_64-debian-clang | 1.6.2 | 268.00 | 206.43 | 474.43 | NOTE | |
r-devel-linux-x86_64-debian-gcc | 1.6.2 | 207.21 | 155.68 | 362.89 | NOTE | |
r-devel-linux-x86_64-fedora-clang | 1.6.2 | 690.04 | NOTE | |||
r-devel-linux-x86_64-fedora-gcc | 1.6.2 | 702.72 | NOTE | |||
r-devel-windows-x86_64 | 1.6.2 | 202.00 | 249.00 | 451.00 | NOTE | |
r-patched-linux-x86_64 | 1.6.2 | 274.41 | 199.84 | 474.25 | OK | |
r-release-linux-x86_64 | 1.6.2 | 274.72 | 204.81 | 479.53 | OK | |
r-release-macos-arm64 | 1.6.2 | 195.00 | NOTE | |||
r-release-macos-x86_64 | 1.6.2 | 314.00 | NOTE | |||
r-release-windows-x86_64 | 1.6.2 | 257.00 | 280.00 | 537.00 | OK | |
r-oldrel-macos-arm64 | 1.6.2 | 169.00 | NOTE | |||
r-oldrel-macos-x86_64 | 1.6.2 | 210.00 | NOTE | |||
r-oldrel-windows-x86_64 | 1.6.2 | 248.00 | 285.00 | 533.00 | OK |
Version: 1.6.2
Check: Rd metadata
Result: NOTE
Invalid package aliases in Rd file 'Rstpm2-package.Rd':
‘Rstpm2-package’
Flavors: r-devel-linux-x86_64-debian-clang, r-devel-linux-x86_64-debian-gcc, r-devel-linux-x86_64-fedora-clang, r-devel-linux-x86_64-fedora-gcc, r-devel-windows-x86_64
Version: 1.6.2
Check: installed package size
Result: NOTE
installed size is 23.5Mb
sub-directories of 1Mb or more:
libs 20.8Mb
Flavors: r-release-macos-arm64, r-release-macos-x86_64, r-oldrel-macos-arm64, r-oldrel-macos-x86_64
Version: 1.6.2
Check: package dependencies
Result: NOTE
Package suggested but not available for checking: ‘flexsurv’
Flavor: r-release-macos-x86_64
Version: 1.6.2
Check: Rd cross-references
Result: NOTE
Package unavailable to check Rd xrefs: ‘flexsurv’
Flavor: r-release-macos-x86_64
Version: 1.6.2
Check: re-building of vignette outputs
Result: NOTE
Error(s) in re-building vignettes:
--- re-building ‘Introduction.Rnw’ using Sweave
Loading required package: survival
Loading required package: splines
Attaching package: ‘rstpm2’
The following object is masked from ‘package:survival’:
colon
Error: processing vignette 'Introduction.Rnw' failed with diagnostics:
Running 'texi2dvi' on 'Introduction.tex' failed.
LaTeX errors:
! LaTeX Error: File `wasysym.sty' not found.
Type X to quit or <RETURN> to proceed,
or enter new name. (Default extension: sty)
! Emergency stop.
<read *>
l.14 \usepackage
{tablefootnote}^^M
! ==> Fatal error occurred, no output PDF file produced!
--- failed re-building ‘Introduction.Rnw’
--- re-building ‘SimpleGuide.Rnw’ using Sweave
Loading required package: splines
Attaching package: ‘rstpm2’
The following object is masked from ‘package:survival’:
colon
Error: processing vignette 'SimpleGuide.Rnw' failed with diagnostics:
Running 'texi2dvi' on 'SimpleGuide.tex' failed.
LaTeX errors:
! LaTeX Error: File `wasysym.sty' not found.
Type X to quit or <RETURN> to proceed,
or enter new name. (Default extension: sty)
! Emergency stop.
<read *>
l.14 \usepackage
{tablefootnote}^^M
! ==> Fatal error occurred, no output PDF file produced!
--- failed re-building ‘SimpleGuide.Rnw’
--- re-building ‘multistate.Rnw’ using Sweave
Error: processing vignette 'multistate.Rnw' failed with diagnostics:
Running 'texi2dvi' on 'multistate.tex' failed.
LaTeX errors:
! LaTeX Error: File `wasysym.sty' not found.
Type X to quit or <RETURN> to proceed,
or enter new name. (Default extension: sty)
! Emergency stop.
<read *>
l.15 \usepackage
{tablefootnote}^^M
! ==> Fatal error occurred, no output PDF file produced!
--- failed re-building ‘multistate.Rnw’
--- re-building ‘predictnl.Rnw’ using Sweave
Loading required package: survival
Loading required package: splines
Attaching package: ‘rstpm2’
The following object is masked from ‘package:survival’:
colon
Warning in survfit.coxph(obj, se.fit = FALSE) :
the model contains interactions; the default curve based on columm means of the X matrix is almost certainly not useful. Consider adding a newdata argument.
--- finished re-building ‘predictnl.Rnw’
SUMMARY: processing the following files failed:
‘Introduction.Rnw’ ‘SimpleGuide.Rnw’ ‘multistate.Rnw’
Error: Vignette re-building failed.
Execution halted
Flavor: r-release-macos-x86_64