Last updated on 2023-02-08 07:54:42 CET.
Flavor | Version | Tinstall | Tcheck | Ttotal | Status | Flags |
---|---|---|---|---|---|---|
r-devel-linux-x86_64-debian-clang | 0.9.2-2 | 7.73 | 113.99 | 121.72 | OK | |
r-devel-linux-x86_64-debian-gcc | 0.9.2-2 | 5.96 | 84.80 | 90.76 | OK | |
r-devel-linux-x86_64-fedora-clang | 0.9.2-2 | 143.25 | OK | |||
r-devel-linux-x86_64-fedora-gcc | 0.9.2-2 | 131.22 | OK | |||
r-devel-windows-x86_64 | 0.9.2-2 | 90.00 | 206.00 | 296.00 | OK | |
r-patched-linux-x86_64 | 0.9.2-2 | 7.91 | 102.73 | 110.64 | OK | |
r-release-linux-x86_64 | 0.9.2-2 | 6.75 | 104.12 | 110.87 | OK | |
r-release-macos-arm64 | 0.9.2-2 | 90.00 | OK | |||
r-release-macos-x86_64 | 0.9.2-2 | 109.00 | OK | |||
r-release-windows-x86_64 | 0.9.2-1 | 81.00 | 142.00 | 223.00 | ERROR | |
r-oldrel-macos-arm64 | 0.9.2-2 | 90.00 | OK | |||
r-oldrel-macos-x86_64 | 0.9.2-2 | 106.00 | OK | |||
r-oldrel-windows-ix86+x86_64 | 0.9.2-2 | 14.00 | 177.00 | 191.00 | OK |
Version: 0.9.2-1
Check: re-building of vignette outputs
Result: ERROR
Error(s) in re-building vignettes:
--- re-building 'rstac-01-intro.Rmd' using rmarkdown
--- finished re-building 'rstac-01-intro.Rmd'
--- re-building 'rstac-02-cql2.Rmd' using rmarkdown
--- finished re-building 'rstac-02-cql2.Rmd'
--- re-building 'rstac-03-cql2-mpc.Rmd' using rmarkdown
Quitting from lines 59-63 (rstac-03-cql2-mpc.Rmd)
Error: processing vignette 'rstac-03-cql2-mpc.Rmd' failed with diagnostics:
HTTP content type response 'application/schema+json' not defined for this operation.
--- failed re-building 'rstac-03-cql2-mpc.Rmd'
SUMMARY: processing the following file failed:
'rstac-03-cql2-mpc.Rmd'
Error: Vignette re-building failed.
Execution halted
Flavor: r-release-windows-x86_64