CRAN Package Check Results for Package rsparse

Last updated on 2023-01-31 07:54:24 CET.

Flavor Version Tinstall Tcheck Ttotal Status Flags
r-devel-linux-x86_64-debian-clang 0.5.1 218.17 161.77 379.94 OK
r-devel-linux-x86_64-debian-gcc 0.5.1 171.84 115.95 287.79 NOTE
r-devel-linux-x86_64-fedora-clang 0.5.1 539.75 NOTE
r-devel-linux-x86_64-fedora-gcc 0.5.1 509.40 NOTE
r-devel-windows-x86_64 0.5.1 191.00 201.00 392.00 NOTE
r-patched-linux-x86_64 0.5.1 163.57 151.40 314.97 OK
r-release-linux-x86_64 0.5.1 172.55 150.20 322.75 OK
r-release-macos-arm64 0.5.1 125.00 NOTE
r-release-macos-x86_64 0.5.1 153.00 NOTE
r-release-windows-x86_64 0.5.1 263.00 204.00 467.00 OK
r-oldrel-macos-arm64 0.5.1 108.00 NOTE
r-oldrel-macos-x86_64 0.5.1 150.00 NOTE
r-oldrel-windows-ix86+x86_64 0.5.1 508.00 248.00 756.00 ERROR

Check Details

Version: 0.5.1
Check: C++ specification
Result: NOTE
     Specified C++11: please update to current default of C++17
Flavors: r-devel-linux-x86_64-debian-gcc, r-devel-linux-x86_64-fedora-clang, r-devel-linux-x86_64-fedora-gcc, r-devel-windows-x86_64

Version: 0.5.1
Check: dependencies in R code
Result: NOTE
    Namespace in Imports field not imported from: ‘MatrixExtra’
     All declared Imports should be used.
Flavors: r-devel-linux-x86_64-fedora-clang, r-devel-linux-x86_64-fedora-gcc, r-release-macos-arm64, r-release-macos-x86_64, r-oldrel-macos-arm64, r-oldrel-macos-x86_64

Version: 0.5.1
Check: installed package size
Result: NOTE
     installed size is 10.2Mb
     sub-directories of 1Mb or more:
     libs 9.4Mb
Flavors: r-release-macos-arm64, r-release-macos-x86_64, r-oldrel-macos-arm64, r-oldrel-macos-x86_64, r-oldrel-windows-ix86+x86_64

Version: 0.5.1
Check: running examples for arch ‘i386’
Result: ERROR
    Running examples in 'rsparse-Ex.R' failed
    The error most likely occurred in:
    
    > ### Name: WRMF
    > ### Title: Weighted Regularized Matrix Factorization for collaborative
    > ### filtering
    > ### Aliases: WRMF
    >
    > ### ** Examples
    >
    > data('movielens100k')
    > train = movielens100k[1:900, ]
    > cv = movielens100k[901:nrow(movielens100k), ]
    > model = WRMF$new(rank = 5, lambda = 0, feedback = 'implicit')
    > user_emb = model$fit_transform(train, n_iter = 5, convergence_tol = -1)
    Error in library.dynam(lib, package, package.lib) :
     DLL 'MatrixExtra' not found: maybe not installed for this architecture?
    Calls: <Anonymous> -> loadNamespace -> library.dynam
    Execution halted
Flavor: r-oldrel-windows-ix86+x86_64

Version: 0.5.1
Check: running tests for arch ‘i386’
Result: ERROR
     Running 'testthat.R' [10s]
    Running the tests in 'tests/testthat.R' failed.
    Complete output:
     > Sys.setenv("R_TESTS" = "")
     > library(testthat)
     > library(rsparse)
     Loading required package: Matrix
     > library(data.table)
     > library(Matrix)
     > options(rsparse_omp_threads = 1L)
     > logger = lgr::get_logger('rsparse')
     > logger$set_threshold('warn')
     > data("movielens100k")
     > test_check("rsparse")
     [ FAIL 2 | WARN 0 | SKIP 0 | PASS 44 ]
    
     == Failed tests ================================================================
     -- Error ('test-wrmf.R:49'): test WRMF core ------------------------------------
     Error in `library.dynam(lib, package, package.lib)`: DLL 'MatrixExtra' not found: maybe not installed for this architecture?
     Backtrace:
     x
     1. +-model$fit_transform(train, n_iter = 5, convergence_tol = -1) at test-wrmf.R:49:4
     2. \-base::loadNamespace(x)
     3. \-base::library.dynam(lib, package, package.lib)
     -- Error ('test-wrmf.R:86'): test WRMF FLOAT -----------------------------------
     Error in `library.dynam(lib, package, package.lib)`: DLL 'MatrixExtra' not found: maybe not installed for this architecture?
     Backtrace:
     x
     1. +-model$fit_transform(train, n_iter = 5, convergence_tol = -1) at test-wrmf.R:86:4
     2. \-base::loadNamespace(x)
     3. \-base::library.dynam(lib, package, package.lib)
    
     [ FAIL 2 | WARN 0 | SKIP 0 | PASS 44 ]
     Error: Test failures
     Execution halted
Flavor: r-oldrel-windows-ix86+x86_64