CRAN Package Check Results for Package rsm

Last updated on 2024-06-17 08:51:20 CEST.

Flavor Version Tinstall Tcheck Ttotal Status Flags
r-devel-linux-x86_64-debian-clang 2.10.5 5.77 118.42 124.19 OK
r-devel-linux-x86_64-debian-gcc 2.10.5 4.16 92.25 96.41 OK
r-devel-linux-x86_64-fedora-clang 2.10.5 143.57 OK
r-devel-linux-x86_64-fedora-gcc 2.10.5 175.80 OK
r-devel-windows-x86_64 2.10.5 8.00 93.00 101.00 OK
r-patched-linux-x86_64 2.10.5 4.73 115.39 120.12 OK
r-release-linux-x86_64 2.10.5 4.51 113.91 118.42 OK
r-release-macos-arm64 2.10.5 78.00 OK
r-release-macos-x86_64 2.10.5 164.00 OK
r-release-windows-x86_64 2.10.5 8.00 92.00 100.00 OK
r-oldrel-macos-arm64 2.10.5 62.00 ERROR
r-oldrel-macos-x86_64 2.10.5 149.00 ERROR
r-oldrel-windows-x86_64 2.10.5 10.00 108.00 118.00 OK

Check Details

Version: 2.10.5
Check: running R code from vignettes
Result: ERROR Errors in running code in vignettes: when running code in ‘illus.rmd’ ... > varfcn(expt1, ~FO(x1, x2, x3)) > varfcn(expt1, ~FO(x1, x2, x3), contour = TRUE) > varfcn(expt1, ~SO(x1, x2, x3)) When sourcing ‘illus.R’: Error: Lapack routine dgesv: system is exactly singular: U[5,5] = 0 Execution halted ‘article-JSS.rmd’ using ‘UTF-8’... [1s/1s] OK ‘illus.rmd’ using ‘UTF-8’... failed ‘plots.rmd’ using ‘UTF-8’... [1s/1s] OK Flavor: r-oldrel-macos-arm64

Version: 2.10.5
Check: running R code from vignettes
Result: ERROR Errors in running code in vignettes: when running code in ‘illus.rmd’ ... > varfcn(expt1, ~FO(x1, x2, x3)) > varfcn(expt1, ~FO(x1, x2, x3), contour = TRUE) > varfcn(expt1, ~SO(x1, x2, x3)) When sourcing ‘illus.R’: Error: Lapack routine dgesv: system is exactly singular: U[5,5] = 0 Execution halted ‘article-JSS.rmd’ using ‘UTF-8’... [2s/3s] OK ‘illus.rmd’ using ‘UTF-8’... failed ‘plots.rmd’ using ‘UTF-8’... [2s/4s] OK Flavor: r-oldrel-macos-x86_64