CRAN Package Check Results for Package rskey

Last updated on 2023-01-27 07:50:43 CET.

Flavor Version Tinstall Tcheck Ttotal Status Flags
r-devel-linux-x86_64-debian-clang 0.4.4 2.46 24.58 27.04 NOTE
r-devel-linux-x86_64-debian-gcc 0.4.4 1.49 19.50 20.99 NOTE
r-devel-linux-x86_64-fedora-clang 0.4.4 34.66 NOTE
r-devel-linux-x86_64-fedora-gcc 0.4.4 34.97 NOTE
r-patched-linux-x86_64 0.4.4 3.94 25.33 29.27 NOTE
r-release-linux-x86_64 0.4.4 1.70 25.28 26.98 NOTE
r-release-macos-arm64 0.4.4 14.00 NOTE
r-release-macos-x86_64 0.4.4 22.00 NOTE
r-release-windows-x86_64 0.4.4 12.00 53.00 65.00 NOTE
r-oldrel-macos-arm64 0.4.4 17.00 NOTE
r-oldrel-macos-x86_64 0.4.4 27.00 NOTE
r-oldrel-windows-ix86+x86_64 0.4.4 6.00 55.00 61.00 NOTE

Check Details

Version: 0.4.4
Check: LazyData
Result: NOTE
     'LazyData' is specified without a 'data' directory
Flavors: r-devel-linux-x86_64-debian-clang, r-devel-linux-x86_64-debian-gcc, r-devel-linux-x86_64-fedora-clang, r-devel-linux-x86_64-fedora-gcc, r-patched-linux-x86_64, r-release-linux-x86_64, r-release-macos-arm64, r-release-macos-x86_64, r-release-windows-x86_64, r-oldrel-macos-arm64, r-oldrel-macos-x86_64, r-oldrel-windows-ix86+x86_64