CRAN Package Check Results for Package rshift

Last updated on 2024-02-20 09:00:44 CET.

Flavor Version Tinstall Tcheck Ttotal Status Flags
r-devel-linux-x86_64-debian-clang 3.0.0 OK
r-devel-linux-x86_64-debian-gcc 3.0.0 46.22 40.94 87.16 OK
r-devel-linux-x86_64-fedora-clang 3.0.0 150.54 OK
r-devel-linux-x86_64-fedora-gcc 3.0.0 157.89 OK
r-devel-windows-x86_64 3.0.0 45.00 84.00 129.00 OK
r-patched-linux-x86_64 3.0.0 57.44 51.86 109.30 OK
r-release-linux-x86_64 3.0.0 56.13 51.62 107.75 OK
r-release-macos-arm64 3.0.0 61.00 OK
r-release-macos-x86_64 3.0.0 119.00 OK
r-release-windows-x86_64 3.0.0 55.00 85.00 140.00 OK
r-oldrel-macos-arm64 3.0.0 57.00 OK
r-oldrel-windows-x86_64 3.0.0 58.00 95.00 153.00 WARN

Check Details

Version: 3.0.0
Check: whether package can be installed
Result: WARN Found the following significant warnings: Warning: corrupt .drectve at end of def file Flavor: r-oldrel-windows-x86_64