CRAN Package Check Results for Package rscopus

Last updated on 2023-02-08 07:54:42 CET.

Flavor Version Tinstall Tcheck Ttotal Status Flags
r-devel-linux-x86_64-debian-clang 0.6.6 8.49 73.57 82.06 NOTE
r-devel-linux-x86_64-debian-gcc 0.6.6 5.93 53.42 59.35 NOTE
r-devel-linux-x86_64-fedora-clang 0.6.6 106.50 NOTE
r-devel-linux-x86_64-fedora-gcc 0.6.6 105.50 NOTE
r-devel-windows-x86_64 0.6.6 50.00 114.00 164.00 NOTE
r-patched-linux-x86_64 0.6.6 14.11 67.02 81.13 NOTE
r-release-linux-x86_64 0.6.6 6.73 67.34 74.07 NOTE
r-release-macos-arm64 0.6.6 38.00 NOTE
r-release-macos-x86_64 0.6.6 69.00 NOTE
r-release-windows-x86_64 0.6.6 40.00 117.00 157.00 NOTE
r-oldrel-macos-arm64 0.6.6 42.00 NOTE
r-oldrel-macos-x86_64 0.6.6 1803.00 NOTE
r-oldrel-windows-ix86+x86_64 0.6.6 19.00 100.00 119.00 NOTE

Check Details

Version: 0.6.6
Check: LazyData
Result: NOTE
     'LazyData' is specified without a 'data' directory
Flavors: r-devel-linux-x86_64-debian-clang, r-devel-linux-x86_64-debian-gcc, r-devel-linux-x86_64-fedora-clang, r-devel-linux-x86_64-fedora-gcc, r-devel-windows-x86_64, r-patched-linux-x86_64, r-release-linux-x86_64, r-release-macos-arm64, r-release-macos-x86_64, r-release-windows-x86_64, r-oldrel-macos-arm64, r-oldrel-macos-x86_64, r-oldrel-windows-ix86+x86_64