Last updated on 2023-11-30 08:50:07 CET.
Flavor | Version | Tinstall | Tcheck | Ttotal | Status | Flags |
---|---|---|---|---|---|---|
r-devel-linux-x86_64-debian-clang | 0.6.6 | 7.79 | 72.07 | 79.86 | NOTE | |
r-devel-linux-x86_64-debian-gcc | 0.6.6 | 6.20 | 53.19 | 59.39 | NOTE | |
r-devel-linux-x86_64-fedora-clang | 0.6.6 | 101.86 | NOTE | |||
r-devel-linux-x86_64-fedora-gcc | 0.6.6 | 104.25 | NOTE | |||
r-devel-windows-x86_64 | 0.6.6 | 8.00 | 80.00 | 88.00 | NOTE | |
r-patched-linux-x86_64 | 0.6.6 | 13.43 | 67.23 | 80.66 | NOTE | |
r-release-linux-x86_64 | 0.6.6 | 6.39 | 66.94 | 73.33 | NOTE | |
r-release-macos-arm64 | 0.6.6 | 40.00 | NOTE | |||
r-release-macos-x86_64 | 0.6.6 | 60.00 | NOTE | |||
r-release-windows-x86_64 | 0.6.6 | 12.00 | 88.00 | 100.00 | NOTE | |
r-oldrel-macos-arm64 | 0.6.6 | 38.00 | NOTE | |||
r-oldrel-macos-x86_64 | 0.6.6 | 69.00 | NOTE | |||
r-oldrel-windows-x86_64 | 0.6.6 | 11.00 | 89.00 | 100.00 | NOTE |
Version: 0.6.6
Check: LazyData
Result: NOTE
'LazyData' is specified without a 'data' directory
Flavors: r-devel-linux-x86_64-debian-clang, r-devel-linux-x86_64-debian-gcc, r-devel-linux-x86_64-fedora-clang, r-devel-linux-x86_64-fedora-gcc, r-devel-windows-x86_64, r-patched-linux-x86_64, r-release-linux-x86_64, r-release-macos-arm64, r-release-macos-x86_64, r-release-windows-x86_64, r-oldrel-macos-arm64, r-oldrel-macos-x86_64, r-oldrel-windows-x86_64